CRAN Package Check Results for Package metasens

Last updated on 2022-01-29 03:59:27 CET.

Flavor Version Tinstall Tcheck Ttotal Status Flags
r-devel-linux-x86_64-debian-clang 1.0-0 11.53 118.33 129.86 OK
r-devel-linux-x86_64-debian-gcc 1.0-0 9.32 89.12 98.44 OK
r-devel-linux-x86_64-fedora-clang 1.0-0 152.80 OK
r-devel-linux-x86_64-fedora-gcc 1.0-1 151.98 OK
r-devel-windows-x86_64-new-UL 1.0-0 52.00 135.00 187.00 OK
r-devel-windows-x86_64-new-TK 1.0-0 ERROR
r-patched-linux-x86_64 1.0-0 14.93 109.79 124.72 OK
r-release-linux-x86_64 1.0-0 11.43 108.58 120.01 OK
r-release-macos-arm64 1.0-1 OK
r-release-macos-x86_64 1.0-0 OK
r-release-windows-ix86+x86_64 1.0-0 25.00 130.00 155.00 OK
r-oldrel-macos-x86_64 1.0-0 OK
r-oldrel-windows-ix86+x86_64 1.0-0 26.00 127.00 153.00 OK

Check Details

Version: 1.0-0
Check: package dependencies
Result: ERROR
    Package required but not available: 'meta'
    
    See section 'The DESCRIPTION file' in the 'Writing R Extensions'
    manual.
Flavor: r-devel-windows-x86_64-new-TK