Last updated on 2023-03-27 23:55:46 CEST.
Flavor | Version | Tinstall | Tcheck | Ttotal | Status | Flags |
---|---|---|---|---|---|---|
r-devel-linux-x86_64-debian-clang | 0.1.1 | 62.44 | 214.47 | 276.91 | NOTE | |
r-devel-linux-x86_64-debian-gcc | 0.1.1 | 41.07 | 264.52 | 305.59 | NOTE | |
r-devel-linux-x86_64-fedora-clang | 0.1.1 | 339.66 | NOTE | |||
r-devel-linux-x86_64-fedora-gcc | 0.1.1 | 339.77 | NOTE | |||
r-patched-linux-x86_64 | 0.1.1 | 49.11 | 250.60 | 299.71 | NOTE | |
r-release-linux-x86_64 | 0.1.1 | 44.27 | 219.90 | 264.17 | OK | |
r-release-macos-arm64 | 0.1.1 | 93.00 | NOTE | |||
r-release-macos-x86_64 | 0.1.1 | 125.00 | NOTE | |||
r-release-windows-x86_64 | 0.1.1 | 82.00 | 371.00 | 453.00 | NOTE | |
r-oldrel-macos-arm64 | 0.1.1 | 91.00 | NOTE | |||
r-oldrel-macos-x86_64 | 0.1.1 | 203.00 | NOTE | |||
r-oldrel-windows-ix86+x86_64 | 0.1.1 | 133.00 | 358.00 | 491.00 | NOTE |
Version: 0.1.1
Check: C++ specification
Result: NOTE
Specified C++11: please drop specification unless essential
Flavors: r-devel-linux-x86_64-debian-clang, r-devel-linux-x86_64-debian-gcc, r-devel-linux-x86_64-fedora-clang, r-devel-linux-x86_64-fedora-gcc, r-patched-linux-x86_64
Version: 0.1.1
Check: installed package size
Result: NOTE
installed size is 7.4Mb
sub-directories of 1Mb or more:
doc 2.3Mb
help 2.0Mb
libs 2.7Mb
Flavors: r-release-macos-arm64, r-release-macos-x86_64, r-release-windows-x86_64, r-oldrel-macos-arm64, r-oldrel-macos-x86_64, r-oldrel-windows-ix86+x86_64