CRAN Package Check Results for Package metricTester

Last updated on 2020-01-21 16:49:21 CET.

Flavor Version Tinstall Tcheck Ttotal Status Flags
r-devel-linux-x86_64-debian-clang 1.3.6 12.97 166.66 179.63 OK
r-devel-linux-x86_64-debian-gcc 1.3.6 10.96 122.36 133.32 ERROR
r-devel-linux-x86_64-fedora-clang 1.3.6 213.73 WARN
r-devel-linux-x86_64-fedora-gcc 1.3.6 206.30 OK
r-devel-windows-ix86+x86_64 1.3.6 37.00 189.00 226.00 OK
r-devel-windows-ix86+x86_64-gcc8 1.3.6 44.00 189.00 233.00 OK
r-patched-linux-x86_64 1.3.6 12.85 146.38 159.23 OK
r-patched-solaris-x86 1.3.6 270.50 OK
r-release-linux-x86_64 1.3.6 13.20 146.95 160.15 OK
r-release-windows-ix86+x86_64 1.3.6 26.00 239.00 265.00 OK
r-release-osx-x86_64 1.3.6 OK
r-oldrel-windows-ix86+x86_64 1.3.6 16.00 141.00 157.00 OK
r-oldrel-osx-x86_64 1.3.6 OK

Check Details

Version: 1.3.6
Check: tests
Result: ERROR
     Running ‘testthat.R’ [26s/41s]
    Running the tests in ‘tests/testthat.R’ failed.
    Complete output:
     > library(testthat)
     > test_check("metricTester")
     Loading required package: metricTester
     Loading required package: ape
     Loading required package: vegan
     Loading required package: permute
     Loading required package: lattice
     This is vegan 2.5-6
     ── 1. Failure: Plots are sampled and returned in appropriate format (@test_plot_
     dim(cdm$picante.cdm)[2] == 50 isn't true.
    
     ══ testthat results ═══════════════════════════════════════════════════════════
     [ OK: 136 | SKIPPED: 0 | WARNINGS: 123 | FAILED: 1 ]
     1. Failure: Plots are sampled and returned in appropriate format (@test_plot_sampling.R#46)
    
     Error: testthat unit tests failed
     Execution halted
Flavor: r-devel-linux-x86_64-debian-gcc

Version: 1.3.6
Check: package dependencies
Result: WARN
    Requires orphaned package: ‘geiger’
Flavor: r-devel-linux-x86_64-fedora-clang