CRAN Package Check Results for Package mgcViz

Last updated on 2022-06-30 14:53:27 CEST.

Flavor Version Tinstall Tcheck Ttotal Status Flags
r-devel-linux-x86_64-debian-clang 0.1.9 22.93 323.00 345.93 OK
r-devel-linux-x86_64-debian-gcc 0.1.9 15.78 235.12 250.90 OK
r-devel-linux-x86_64-fedora-clang 0.1.9 406.49 NOTE
r-devel-linux-x86_64-fedora-gcc 0.1.9 401.54 OK
r-devel-windows-x86_64 0.1.9 56.00 480.00 536.00 NOTE
r-patched-linux-x86_64 0.1.9 30.84 303.06 333.90 OK
r-release-linux-x86_64 0.1.9 20.36 301.58 321.94 OK
r-release-macos-arm64 0.1.9 121.00 NOTE
r-release-macos-x86_64 0.1.9 192.00 NOTE
r-release-windows-x86_64 0.1.9 78.00 467.00 545.00 NOTE
r-oldrel-macos-arm64 0.1.9 114.00 NOTE
r-oldrel-macos-x86_64 0.1.9 133.00 NOTE
r-oldrel-windows-ix86+x86_64 0.1.9 47.00 482.00 529.00 NOTE

Check Details

Version: 0.1.9
Check: installed package size
Result: NOTE
     installed size is 5.3Mb
     sub-directories of 1Mb or more:
     doc 4.6Mb
Flavors: r-devel-linux-x86_64-fedora-clang, r-devel-windows-x86_64, r-release-macos-arm64, r-release-macos-x86_64, r-release-windows-x86_64, r-oldrel-macos-arm64, r-oldrel-macos-x86_64, r-oldrel-windows-ix86+x86_64

Version: 0.1.9
Check: package dependencies
Result: NOTE
    Package suggested but not available for checking: ‘webshot2’
Flavors: r-release-macos-arm64, r-release-macos-x86_64, r-oldrel-macos-arm64, r-oldrel-macos-x86_64