CRAN Package Check Results for Package miWQS

Last updated on 2021-03-01 19:48:05 CET.

Flavor Version Tinstall Tcheck Ttotal Status Flags
r-devel-linux-x86_64-debian-clang 0.4.2 OK
r-devel-linux-x86_64-debian-gcc 0.4.2 12.77 122.77 135.54 OK
r-devel-linux-x86_64-fedora-clang 0.4.2 241.45 NOTE
r-devel-linux-x86_64-fedora-gcc 0.4.2 226.00 NOTE
r-devel-windows-ix86+x86_64 0.4.2 24.00 145.00 169.00 OK
r-patched-linux-x86_64 0.4.2 10.67 152.94 163.61 OK
r-patched-solaris-x86 0.4.2 293.90 OK
r-release-linux-x86_64 0.4.2 11.07 152.52 163.59 OK
r-release-macos-x86_64 0.4.2 OK
r-release-windows-ix86+x86_64 0.4.2 38.00 199.00 237.00 OK
r-oldrel-macos-x86_64 0.4.2 OK
r-oldrel-windows-ix86+x86_64 0.4.2 22.00 190.00 212.00 OK

Check Details

Version: 0.4.2
Check: for detritus in the temp directory
Result: NOTE
    Found the following files/directories:
     ‘par-7269706c6579’
Flavors: r-devel-linux-x86_64-fedora-clang, r-devel-linux-x86_64-fedora-gcc