CRAN Package Check Results for Package microhaplot

Last updated on 2022-10-04 17:52:47 CEST.

Flavor Version Tinstall Tcheck Ttotal Status Flags
r-devel-linux-x86_64-debian-clang 1.0.1 2.55 35.53 38.08 NOTE
r-devel-linux-x86_64-debian-gcc 1.0.1 2.09 26.90 28.99 NOTE
r-devel-linux-x86_64-fedora-clang 1.0.1 62.78 NOTE
r-devel-linux-x86_64-fedora-gcc 1.0.1 55.90 NOTE
r-devel-windows-x86_64 1.0.1 29.00 83.00 112.00 NOTE
r-patched-linux-x86_64 1.0.1 2.54 34.37 36.91 NOTE
r-release-linux-x86_64 1.0.1 2.75 34.27 37.02 NOTE
r-release-macos-arm64 1.0.1 23.00 NOTE
r-release-macos-x86_64 1.0.1 38.00 NOTE
r-release-windows-x86_64 1.0.1 17.00 80.00 97.00 NOTE
r-oldrel-macos-arm64 1.0.1 23.00 NOTE
r-oldrel-macos-x86_64 1.0.1 36.00 NOTE
r-oldrel-windows-ix86+x86_64 1.0.1 7.00 55.00 62.00 NOTE

Check Details

Version: 1.0.1
Check: LazyData
Result: NOTE
     'LazyData' is specified without a 'data' directory
Flavors: r-devel-linux-x86_64-debian-clang, r-devel-linux-x86_64-debian-gcc, r-devel-linux-x86_64-fedora-clang, r-devel-linux-x86_64-fedora-gcc, r-devel-windows-x86_64, r-patched-linux-x86_64, r-release-linux-x86_64, r-release-macos-arm64, r-release-macos-x86_64, r-release-windows-x86_64, r-oldrel-macos-arm64, r-oldrel-macos-x86_64, r-oldrel-windows-ix86+x86_64

Version: 1.0.1
Check: dependencies in R code
Result: NOTE
    Namespaces in Imports field not imported from:
     ‘DT’ ‘ggiraph’ ‘ggplot2’ ‘grid’ ‘gtools’ ‘scales’ ‘shinyBS’
     ‘shinyWidgets’ ‘tidyr’
     All declared Imports should be used.
Flavors: r-devel-linux-x86_64-fedora-clang, r-devel-linux-x86_64-fedora-gcc, r-release-macos-arm64, r-release-macos-x86_64, r-oldrel-macos-arm64, r-oldrel-macos-x86_64