CRAN Package Check Results for Package mimi

Last updated on 2022-06-27 14:53:48 CEST.

Flavor Version Tinstall Tcheck Ttotal Status Flags
r-devel-linux-x86_64-debian-clang 0.2.0 6.92 46.38 53.30 OK
r-devel-linux-x86_64-debian-gcc 0.2.0 5.63 34.32 39.95 OK
r-devel-linux-x86_64-fedora-clang 0.2.0 74.48 NOTE
r-devel-linux-x86_64-fedora-gcc 0.2.0 71.63 NOTE
r-devel-windows-x86_64 0.2.0 16.00 65.00 81.00 OK
r-patched-linux-x86_64 0.2.0 6.34 44.23 50.57 OK
r-release-linux-x86_64 0.2.0 6.61 43.17 49.78 OK
r-release-macos-arm64 0.2.0 22.00 NOTE
r-release-macos-x86_64 0.2.0 38.00 NOTE
r-release-windows-x86_64 0.2.0 14.00 64.00 78.00 OK
r-oldrel-macos-arm64 0.2.0 26.00 NOTE
r-oldrel-macos-x86_64 0.2.0 35.00 NOTE
r-oldrel-windows-ix86+x86_64 0.2.0 16.00 64.00 80.00 OK

Check Details

Version: 0.2.0
Check: dependencies in R code
Result: NOTE
    Namespaces in Imports field not imported from:
     ‘FactoMineR’ ‘softImpute’
     All declared Imports should be used.
Flavors: r-devel-linux-x86_64-fedora-clang, r-devel-linux-x86_64-fedora-gcc, r-release-macos-arm64, r-release-macos-x86_64, r-oldrel-macos-arm64, r-oldrel-macos-x86_64