CRAN Package Check Results for Package mindicador

Last updated on 2020-11-29 03:50:35 CET.

Flavor Version Tinstall Tcheck Ttotal Status Flags
r-devel-linux-x86_64-debian-clang 0.1.5 4.20 40.76 44.96 OK
r-devel-linux-x86_64-debian-gcc 0.1.5 2.50 32.51 35.01 OK
r-devel-linux-x86_64-fedora-clang 0.1.5 58.80 NOTE
r-devel-linux-x86_64-fedora-gcc 0.1.5 48.35 NOTE
r-devel-windows-ix86+x86_64 0.1.5 7.00 55.00 62.00 OK
r-patched-linux-x86_64 0.1.5 4.02 42.91 46.93 OK
r-patched-solaris-x86 0.1.5 75.00 NOTE
r-release-linux-x86_64 0.1.5 3.98 42.31 46.29 OK
r-release-macos-x86_64 0.1.5 NOTE
r-release-windows-ix86+x86_64 0.1.5 6.00 57.00 63.00 OK
r-oldrel-macos-x86_64 0.1.5 NOTE
r-oldrel-windows-ix86+x86_64 0.1.5 6.00 64.00 70.00 OK

Check Details

Version: 0.1.5
Check: data for non-ASCII characters
Result: NOTE
     Note: found 5 marked UTF-8 strings
Flavors: r-devel-linux-x86_64-fedora-clang, r-devel-linux-x86_64-fedora-gcc, r-patched-solaris-x86, r-release-macos-x86_64, r-oldrel-macos-x86_64