Last updated on 2023-03-29 08:53:44 CEST.
Flavor | Version | Tinstall | Tcheck | Ttotal | Status | Flags |
---|---|---|---|---|---|---|
r-devel-linux-x86_64-debian-clang | 1.0.0 | 31.43 | 64.11 | 95.54 | NOTE | |
r-devel-linux-x86_64-debian-gcc | 1.0.0 | 27.21 | 48.36 | 75.57 | NOTE | |
r-devel-linux-x86_64-fedora-clang | 1.0.0 | 133.07 | NOTE | |||
r-devel-linux-x86_64-fedora-gcc | 1.0.0 | 142.66 | NOTE | |||
r-devel-windows-x86_64 | 1.0.0 | 43.00 | 0.00 | 43.00 | NOTE | |
r-patched-linux-x86_64 | 1.0.0 | 33.55 | 61.87 | 95.42 | NOTE | |
r-release-linux-x86_64 | 1.0.0 | 30.64 | 60.62 | 91.26 | OK | |
r-release-macos-arm64 | 1.0.0 | 41.00 | NOTE | |||
r-release-macos-x86_64 | 1.0.0 | 50.00 | NOTE | |||
r-release-windows-x86_64 | 1.0.0 | 94.00 | 124.00 | 218.00 | OK | |
r-oldrel-macos-arm64 | 1.0.0 | 42.00 | NOTE | |||
r-oldrel-macos-x86_64 | 1.0.0 | 53.00 | NOTE | |||
r-oldrel-windows-ix86+x86_64 | 1.0.0 | 83.00 | 130.00 | 213.00 | NOTE |
Version: 1.0.0
Check: C++ specification
Result: NOTE
Specified C++11: please drop specification unless essential
Flavors: r-devel-linux-x86_64-debian-clang, r-devel-linux-x86_64-debian-gcc, r-devel-linux-x86_64-fedora-clang, r-devel-linux-x86_64-fedora-gcc, r-devel-windows-x86_64, r-patched-linux-x86_64
Version: 1.0.0
Check: installed package size
Result: NOTE
installed size is 5.5Mb
sub-directories of 1Mb or more:
doc 2.4Mb
extdata 1.2Mb
libs 1.7Mb
Flavors: r-release-macos-arm64, r-release-macos-x86_64, r-oldrel-macos-arm64, r-oldrel-macos-x86_64, r-oldrel-windows-ix86+x86_64