CRAN Package Check Results for Package mixexp

Last updated on 2021-03-07 13:47:42 CET.

Flavor Version Tinstall Tcheck Ttotal Status Flags
r-devel-linux-x86_64-debian-clang 1.2.5 9.09 63.84 72.93 OK
r-devel-linux-x86_64-debian-gcc 1.2.5 7.67 49.21 56.88 OK
r-devel-linux-x86_64-fedora-clang 1.2.5 100.14 NOTE
r-devel-linux-x86_64-fedora-gcc 1.2.5 91.03 NOTE
r-devel-windows-ix86+x86_64 1.2.5 22.00 119.00 141.00 OK
r-devel-windows-x86_64-gcc10-UCRT 1.2.5 OK
r-patched-linux-x86_64 1.2.5 9.90 60.47 70.37 OK
r-patched-solaris-x86 1.2.5 126.60 OK
r-release-linux-x86_64 1.2.5 9.88 61.04 70.92 OK
r-release-macos-x86_64 1.2.5 OK
r-release-windows-ix86+x86_64 1.2.5 19.00 99.00 118.00 OK
r-oldrel-macos-x86_64 1.2.5 OK
r-oldrel-windows-ix86+x86_64 1.2.5 17.00 77.00 94.00 OK

Check Details

Version: 1.2.5
Check: compiled code
Result: NOTE
    File ‘mixexp/libs/mixexp.so’:
     Found no calls to: ‘R_registerRoutines’, ‘R_useDynamicSymbols’
    
    It is good practice to register native routines and to disable symbol
    search.
    
    See ‘Writing portable packages’ in the ‘Writing R Extensions’ manual.
Flavors: r-devel-linux-x86_64-fedora-clang, r-devel-linux-x86_64-fedora-gcc