CRAN Package Check Results for Package mixture

Last updated on 2022-08-08 01:54:39 CEST.

Flavor Version Tinstall Tcheck Ttotal Status Flags
r-devel-linux-x86_64-debian-clang 2.0.4 111.77 46.59 158.36 OK
r-devel-linux-x86_64-debian-gcc 2.0.4 70.21 35.48 105.69 OK
r-devel-linux-x86_64-fedora-clang 2.0.4 239.35 NOTE
r-devel-linux-x86_64-fedora-gcc 2.0.4 189.49 OK
r-devel-windows-x86_64 2.0.4 78.00 95.00 173.00 OK
r-patched-linux-x86_64 2.0.4 75.88 44.53 120.41 OK
r-release-linux-x86_64 2.0.4 73.41 43.59 117.00 OK
r-release-macos-arm64 2.0.4 54.00 NOTE
r-release-macos-x86_64 2.0.4 69.00 NOTE
r-release-windows-x86_64 2.0.4 82.00 96.00 178.00 OK
r-oldrel-macos-arm64 2.0.4 58.00 NOTE
r-oldrel-macos-x86_64 2.0.4 101.00 NOTE
r-oldrel-windows-ix86+x86_64 2.0.4 193.00 91.00 284.00 OK

Check Details

Version: 2.0.4
Check: installed package size
Result: NOTE
     installed size is 8.2Mb
     sub-directories of 1Mb or more:
     libs 7.8Mb
Flavors: r-devel-linux-x86_64-fedora-clang, r-release-macos-arm64, r-release-macos-x86_64, r-oldrel-macos-arm64, r-oldrel-macos-x86_64