CRAN Package Check Results for Package mlbstats

Last updated on 2022-09-28 13:51:56 CEST.

Flavor Version Tinstall Tcheck Ttotal Status Flags
r-devel-linux-x86_64-debian-clang 0.1.0 2.71 24.49 27.20 NOTE
r-devel-linux-x86_64-debian-gcc 0.1.0 2.07 19.60 21.67 NOTE
r-devel-linux-x86_64-fedora-clang 0.1.0 48.02 NOTE
r-devel-linux-x86_64-fedora-gcc 0.1.0 42.66 NOTE
r-devel-windows-x86_64 0.1.0 33.00 56.00 89.00 NOTE
r-patched-linux-x86_64 0.1.0 2.66 23.58 26.24 NOTE
r-release-linux-x86_64 0.1.0 2.27 23.40 25.67 NOTE
r-release-macos-arm64 0.1.0 16.00 NOTE
r-release-macos-x86_64 0.1.0 21.00 NOTE
r-release-windows-x86_64 0.1.0 10.00 47.00 57.00 NOTE
r-oldrel-macos-arm64 0.1.0 18.00 NOTE
r-oldrel-macos-x86_64 0.1.0 27.00 NOTE
r-oldrel-windows-ix86+x86_64 0.1.0 5.00 29.00 34.00 NOTE

Check Details

Version: 0.1.0
Check: LazyData
Result: NOTE
     'LazyData' is specified without a 'data' directory
Flavors: r-devel-linux-x86_64-debian-clang, r-devel-linux-x86_64-debian-gcc, r-devel-linux-x86_64-fedora-clang, r-devel-linux-x86_64-fedora-gcc, r-devel-windows-x86_64, r-patched-linux-x86_64, r-release-linux-x86_64, r-release-macos-arm64, r-release-macos-x86_64, r-release-windows-x86_64, r-oldrel-macos-arm64, r-oldrel-macos-x86_64, r-oldrel-windows-ix86+x86_64