CRAN Package Check Results for Package mlegp

Last updated on 2021-04-15 06:47:50 CEST.

Flavor Version Tinstall Tcheck Ttotal Status Flags
r-devel-linux-x86_64-debian-clang 3.1.8 8.13 35.28 43.41 OK
r-devel-linux-x86_64-debian-gcc 3.1.8 4.67 28.11 32.78 OK
r-devel-linux-x86_64-fedora-clang 3.1.8 62.45 OK
r-devel-linux-x86_64-fedora-gcc 3.1.8 50.32 OK
r-devel-windows-ix86+x86_64 3.1.8 18.00 4.00 22.00 ERROR
r-devel-windows-x86_64-gcc10-UCRT 3.1.8 OK
r-patched-linux-x86_64 3.1.8 6.28 34.06 40.34 OK
r-patched-solaris-x86 3.1.8 73.90 OK
r-release-linux-x86_64 3.1.8 6.29 34.27 40.56 OK
r-release-macos-x86_64 3.1.8 OK
r-release-windows-ix86+x86_64 3.1.8 18.00 55.00 73.00 OK
r-oldrel-macos-x86_64 3.1.8 OK
r-oldrel-windows-ix86+x86_64 3.1.8 37.00 63.00 100.00 OK

Check Details

Version: 3.1.8
Check: whether package can be installed
Result: ERROR
    Installation failed.
Flavor: r-devel-windows-ix86+x86_64