CRAN Package Check Results for Package mlflow

Last updated on 2020-08-05 04:47:54 CEST.

Flavor Version Tinstall Tcheck Ttotal Status Flags
r-devel-linux-x86_64-debian-clang 1.10.0 9.17 72.37 81.54 OK
r-devel-linux-x86_64-debian-gcc 1.10.0 8.15 56.56 64.71 OK
r-devel-linux-x86_64-fedora-clang 1.10.0 105.30 NOTE
r-devel-linux-x86_64-fedora-gcc 1.10.0 97.39 NOTE
r-devel-windows-ix86+x86_64 1.10.0 35.00 112.00 147.00 OK
r-patched-linux-x86_64 1.10.0 9.90 71.50 81.40 OK
r-patched-solaris-x86 1.10.0 145.40 NOTE
r-release-linux-x86_64 1.10.0 9.56 73.17 82.73 OK
r-release-macos-x86_64 1.10.0 NOTE
r-release-windows-ix86+x86_64 1.10.0 30.00 77.00 107.00 OK
r-oldrel-macos-x86_64 1.10.0 NOTE
r-oldrel-windows-ix86+x86_64 1.10.0 19.00 71.00 90.00 OK

Check Details

Version: 1.10.0
Check: dependencies in R code
Result: NOTE
    Namespace in Imports field not imported from: ‘xml2’
     All declared Imports should be used.
Flavors: r-devel-linux-x86_64-fedora-clang, r-devel-linux-x86_64-fedora-gcc, r-patched-solaris-x86, r-release-macos-x86_64, r-oldrel-macos-x86_64