CRAN Package Check Results for Package mlflow

Last updated on 2020-01-20 12:50:00 CET.

Flavor Version Tinstall Tcheck Ttotal Status Flags
r-devel-linux-x86_64-debian-clang 1.5.0 5.52 37.28 42.80 OK
r-devel-linux-x86_64-debian-gcc 1.5.0 4.00 29.59 33.59 OK
r-devel-linux-x86_64-fedora-clang 1.5.0 51.36 NOTE
r-devel-linux-x86_64-fedora-gcc 1.5.0 51.08 NOTE
r-devel-windows-ix86+x86_64 1.5.0 24.00 80.00 104.00 OK
r-devel-windows-ix86+x86_64-gcc8 1.5.0 12.00 80.00 92.00 OK
r-patched-linux-x86_64 1.5.0 4.74 34.58 39.32 OK
r-patched-solaris-x86 1.5.0 72.40 NOTE
r-release-linux-x86_64 1.5.0 4.17 34.16 38.33 OK
r-release-windows-ix86+x86_64 1.5.0 14.00 77.00 91.00 OK
r-release-osx-x86_64 1.5.0 NOTE
r-oldrel-windows-ix86+x86_64 1.5.0 5.00 51.00 56.00 OK
r-oldrel-osx-x86_64 1.5.0 NOTE

Check Details

Version: 1.5.0
Check: dependencies in R code
Result: NOTE
    Namespace in Imports field not imported from: ‘xml2’
     All declared Imports should be used.
Flavors: r-devel-linux-x86_64-fedora-clang, r-devel-linux-x86_64-fedora-gcc, r-patched-solaris-x86, r-release-osx-x86_64, r-oldrel-osx-x86_64