Last updated on 2023-12-02 03:57:46 CET.
Flavor | Version | Tinstall | Tcheck | Ttotal | Status | Flags |
---|---|---|---|---|---|---|
r-devel-linux-x86_64-debian-clang | 0.3.0 | 17.95 | 136.68 | 154.63 | NOTE | |
r-devel-linux-x86_64-debian-gcc | 0.3.0 | 13.33 | 100.81 | 114.14 | NOTE | |
r-devel-linux-x86_64-fedora-clang | 0.3.0 | 199.89 | OK | |||
r-devel-linux-x86_64-fedora-gcc | 0.3.0 | 176.32 | OK | |||
r-devel-windows-x86_64 | 0.3.0 | 15.00 | 108.00 | 123.00 | OK | |
r-patched-linux-x86_64 | 0.3.0 | 18.29 | 125.94 | 144.23 | OK | |
r-release-linux-x86_64 | 0.3.0 | 12.91 | 128.20 | 141.11 | OK | |
r-release-macos-arm64 | 0.3.0 | 55.00 | OK | |||
r-release-macos-x86_64 | 0.3.0 | 91.00 | OK | |||
r-release-windows-x86_64 | 0.3.0 | 20.00 | 138.00 | 158.00 | OK | |
r-oldrel-macos-arm64 | 0.3.0 | 46.00 | OK | |||
r-oldrel-macos-x86_64 | 0.3.0 | 64.00 | OK | |||
r-oldrel-windows-x86_64 | 0.3.0 | 21.00 | 130.00 | 151.00 | OK |
Version: 0.3.0
Check: Rd files
Result: NOTE
checkRd: (-1) mlim.Rd:58: Lost braces
58 | Note that code{"XGB"} is only available in Mac OS and Linux. moreover,
| ^
Flavors: r-devel-linux-x86_64-debian-clang, r-devel-linux-x86_64-debian-gcc