CRAN Package Check Results for Package mlmmm

Last updated on 2020-02-21 00:49:46 CET.

Flavor Version Tinstall Tcheck Ttotal Status Flags
r-devel-linux-x86_64-debian-clang 0.3-1.2 10.79 22.36 33.15 OK
r-devel-linux-x86_64-debian-gcc 0.3-1.2 8.83 17.65 26.48 OK
r-devel-linux-x86_64-fedora-clang 0.3-1.2 44.91 NOTE
r-devel-linux-x86_64-fedora-gcc 0.3-1.2 43.17 NOTE
r-devel-windows-ix86+x86_64 0.3-1.2 25.00 37.00 62.00 OK
r-devel-windows-ix86+x86_64-gcc8 0.3-1.2 34.00 57.00 91.00 OK
r-patched-linux-x86_64 0.3-1.2 9.77 20.58 30.35 OK
r-patched-solaris-x86 0.3-1.2 55.10 OK
r-release-linux-x86_64 0.3-1.2 10.06 20.63 30.69 OK
r-release-windows-ix86+x86_64 0.3-1.2 28.00 58.00 86.00 OK
r-release-osx-x86_64 0.3-1.2 OK
r-oldrel-windows-ix86+x86_64 0.3-1.2 26.00 34.00 60.00 OK
r-oldrel-osx-x86_64 0.3-1.2 OK

Check Details

Version: 0.3-1.2
Check: compiled code
Result: NOTE
    File ‘mlmmm/libs/mlmmm.so’:
     Found no calls to: ‘R_registerRoutines’, ‘R_useDynamicSymbols’
    
    It is good practice to register native routines and to disable symbol
    search.
    
    See ‘Writing portable packages’ in the ‘Writing R Extensions’ manual.
Flavors: r-devel-linux-x86_64-fedora-clang, r-devel-linux-x86_64-fedora-gcc