CRAN Package Check Results for Package mlmmm

Last updated on 2019-09-18 09:50:32 CEST.

Flavor Version Tinstall Tcheck Ttotal Status Flags
r-devel-linux-x86_64-debian-clang 0.3-1.2 10.60 20.20 30.80 OK
r-devel-linux-x86_64-debian-gcc 0.3-1.2 9.02 16.64 25.66 OK
r-devel-linux-x86_64-fedora-clang 0.3-1.2 41.73 NOTE
r-devel-linux-x86_64-fedora-gcc 0.3-1.2 45.27 NOTE
r-devel-windows-ix86+x86_64 0.3-1.2 33.00 36.00 69.00 OK
r-patched-linux-x86_64 0.3-1.2 9.33 20.33 29.66 OK
r-patched-solaris-x86 0.3-1.2 57.40 OK
r-release-linux-x86_64 0.3-1.2 9.89 20.53 30.42 OK
r-release-windows-ix86+x86_64 0.3-1.2 28.00 58.00 86.00 OK
r-release-osx-x86_64 0.3-1.2 OK
r-oldrel-windows-ix86+x86_64 0.3-1.2 26.00 34.00 60.00 OK
r-oldrel-osx-x86_64 0.3-1.2 OK

Check Details

Version: 0.3-1.2
Check: compiled code
Result: NOTE
    File ‘mlmmm/libs/mlmmm.so’:
     Found no calls to: ‘R_registerRoutines’, ‘R_useDynamicSymbols’
    
    It is good practice to register native routines and to disable symbol
    search.
    
    See ‘Writing portable packages’ in the ‘Writing R Extensions’ manual.
Flavors: r-devel-linux-x86_64-fedora-clang, r-devel-linux-x86_64-fedora-gcc