CRAN Package Check Results for Package mlquantify

Last updated on 2022-01-16 22:51:19 CET.

Flavor Version Tinstall Tcheck Ttotal Status Flags
r-devel-linux-x86_64-debian-clang 0.1.5 2.83 47.42 50.25 OK
r-devel-linux-x86_64-debian-gcc 0.1.5 2.02 37.83 39.85 OK
r-devel-linux-x86_64-fedora-clang 0.1.5 63.09 NOTE
r-devel-linux-x86_64-fedora-gcc 0.1.5 52.31 NOTE
r-devel-windows-x86_64-new-UL 0.1.5 56.00 71.00 127.00 OK
r-devel-windows-x86_64-new-TK 0.1.5 NOTE
r-patched-linux-x86_64 0.1.5 3.08 47.28 50.36 OK
r-release-linux-x86_64 0.1.5 OK
r-release-macos-arm64 0.1.5 NOTE
r-release-macos-x86_64 0.1.5 NOTE
r-release-windows-ix86+x86_64 0.1.5 8.00 64.00 72.00 OK
r-oldrel-macos-x86_64 0.1.5 NOTE
r-oldrel-windows-ix86+x86_64 0.1.5 8.00 60.00 68.00 OK

Check Details

Version: 0.1.5
Check: dependencies in R code
Result: NOTE
    Namespaces in Imports field not imported from:
     ‘caret’ ‘randomForest’
     All declared Imports should be used.
Flavors: r-devel-linux-x86_64-fedora-clang, r-devel-linux-x86_64-fedora-gcc, r-devel-windows-x86_64-new-TK, r-release-macos-arm64, r-release-macos-x86_64, r-oldrel-macos-x86_64