CRAN Package Check Results for Package mlr

Last updated on 2019-08-19 01:46:55 CEST.

Flavor Version Tinstall Tcheck Ttotal Status Flags
r-devel-linux-x86_64-debian-clang 2.15.0 33.03 228.38 261.41 OK
r-devel-linux-x86_64-debian-gcc 2.15.0 30.18 174.05 204.23 OK
r-devel-linux-x86_64-fedora-clang 2.15.0 312.41 NOTE
r-devel-linux-x86_64-fedora-gcc 2.15.0 309.78 OK
r-devel-windows-ix86+x86_64 2.15.0 82.00 467.00 549.00 NOTE
r-patched-linux-x86_64 2.15.0 34.01 220.25 254.26 OK
r-patched-solaris-x86 2.15.0 393.10 NOTE
r-release-linux-x86_64 2.15.0 34.25 219.31 253.56 OK
r-release-windows-ix86+x86_64 2.15.0 54.00 319.00 373.00 NOTE
r-release-osx-x86_64 2.15.0 NOTE
r-oldrel-windows-ix86+x86_64 2.15.0 67.00 396.00 463.00 NOTE
r-oldrel-osx-x86_64 2.15.0 NOTE

Check Details

Version: 2.15.0
Check: installed package size
Result: NOTE
     installed size is 5.5Mb
     sub-directories of 1Mb or more:
     R 1.4Mb
     data 2.3Mb
     help 1.4Mb
Flavors: r-devel-linux-x86_64-fedora-clang, r-devel-windows-ix86+x86_64, r-patched-solaris-x86, r-release-windows-ix86+x86_64, r-release-osx-x86_64, r-oldrel-windows-ix86+x86_64, r-oldrel-osx-x86_64

Version: 2.15.0
Check: package dependencies
Result: NOTE
    Packages suggested but not available for checking: 'FSelector', 'RWeka'
Flavor: r-patched-solaris-x86

Version: 2.15.0
Check: dependencies in R code
Result: NOTE
    No protocol specified
Flavors: r-release-osx-x86_64, r-oldrel-osx-x86_64