Last updated on 2019-12-10 06:48:10 CET.
Flavor | Version | Tinstall | Tcheck | Ttotal | Status | Flags |
---|---|---|---|---|---|---|
r-devel-linux-x86_64-debian-clang | 2.16.0 | 36.02 | 241.78 | 277.80 | OK | |
r-devel-linux-x86_64-debian-gcc | 2.16.0 | 32.91 | 190.38 | 223.29 | OK | |
r-devel-linux-x86_64-fedora-clang | 2.16.0 | 346.03 | NOTE | |||
r-devel-linux-x86_64-fedora-gcc | 2.16.0 | 197.08 | OK | |||
r-devel-windows-ix86+x86_64 | 2.16.0 | 59.00 | 442.00 | 501.00 | NOTE | |
r-devel-windows-ix86+x86_64-gcc8 | 2.16.0 | 61.00 | 490.00 | 551.00 | NOTE | |
r-patched-linux-x86_64 | 2.16.0 | 35.15 | 212.06 | 247.21 | OK | |
r-patched-solaris-x86 | 2.16.0 | 379.20 | NOTE | |||
r-release-linux-x86_64 | 2.16.0 | 30.26 | 216.83 | 247.09 | OK | |
r-release-windows-ix86+x86_64 | 2.16.0 | 60.00 | 324.00 | 384.00 | NOTE | |
r-release-osx-x86_64 | 2.16.0 | NOTE | ||||
r-oldrel-windows-ix86+x86_64 | 2.16.0 | 42.00 | 271.00 | 313.00 | WARN | |
r-oldrel-osx-x86_64 | 2.16.0 | NOTE |
Version: 2.16.0
Check: installed package size
Result: NOTE
installed size is 5.5Mb
sub-directories of 1Mb or more:
R 1.4Mb
data 2.3Mb
help 1.4Mb
Flavors: r-devel-linux-x86_64-fedora-clang, r-devel-windows-ix86+x86_64, r-devel-windows-ix86+x86_64-gcc8, r-patched-solaris-x86, r-release-windows-ix86+x86_64, r-release-osx-x86_64, r-oldrel-windows-ix86+x86_64, r-oldrel-osx-x86_64
Version: 2.16.0
Check: package dependencies
Result: NOTE
Packages suggested but not available for checking: 'FSelector', 'RWeka'
Flavor: r-patched-solaris-x86
Version: 2.16.0
Check: dependencies in R code
Result: NOTE
No protocol specified
Flavors: r-release-osx-x86_64, r-oldrel-osx-x86_64
Version: 2.16.0
Check: whether package can be installed
Result: WARN
Found the following significant warnings:
Warning: S3 methods '[.fun_list', '[.grouped_df', 'all.equal.tbl_df', 'anti_join.data.frame', 'anti_join.tbl_df', 'arrange.data.frame', 'arrange.default', 'arrange.grouped_df', 'arrange.tbl_df', 'arrange_.data.frame', 'arrange_.tbl_df', 'as.data.frame.grouped_df', 'as.data.frame.rowwise_df', 'as.data.frame.tbl_cube', 'as.table.tbl_cube', 'as.tbl.data.frame', 'as.tbl.tbl', 'as.tbl_cube.array', 'as.tbl_cube.data.frame', 'as.tbl_cube.matrix', 'as.tbl_cube.table', 'as_tibble.grouped_df', 'as_tibble.tbl_cube', 'auto_copy.tbl_cube', 'auto_copy.tbl_df', 'cbind.grouped_df', 'collapse.data.frame', 'collect.data.frame', 'common_by.NULL', 'common_by.character', 'common_by.default', 'common_by.list', 'compute.data.frame', 'copy_to.DBIConnection', 'copy_to.src_local', 'default_missing.data.frame', 'default_missing.default', 'dim.tbl_cube', 'distinct.data.frame', 'distinct.default', 'distinct.grouped_df', 'distinct.tbl_df', 'distinct_.data.frame', 'distinct_.grouped_df', 'distinct_.tbl_df', 'do.NULL', 'do.da [... truncated]
Flavor: r-oldrel-windows-ix86+x86_64