CRAN Package Check Results for Package mlr3

Last updated on 2020-07-08 10:50:47 CEST.

Flavor Version Tinstall Tcheck Ttotal Status Flags
r-devel-linux-x86_64-debian-clang 0.3.0 43.37 314.18 357.55 OK
r-devel-linux-x86_64-debian-gcc 0.3.0 32.66 373.07 405.73 OK
r-devel-linux-x86_64-fedora-clang 0.3.0 273.70 ERROR
r-devel-linux-x86_64-fedora-gcc 0.3.0 262.83 ERROR
r-devel-windows-ix86+x86_64 0.3.0 38.00 167.00 205.00 OK
r-patched-linux-x86_64 0.3.0 37.95 312.76 350.71 OK
r-patched-solaris-x86 0.3.0 317.40 OK
r-release-linux-x86_64 0.3.0 40.87 305.93 346.80 OK
r-release-osx-x86_64 0.3.0 OK
r-release-windows-ix86+x86_64 0.3.0 48.00 151.00 199.00 OK
r-oldrel-osx-x86_64 0.3.0 OK
r-oldrel-windows-ix86+x86_64 0.3.0 63.00 224.00 287.00 OK

Check Details

Version: 0.3.0
Check: tests
Result: ERROR
     Running ‘testthat.R’ [2m/90m]
    Running the tests in ‘tests/testthat.R’ failed.
    Complete output:
     > if (requireNamespace("testthat", quietly = TRUE)) {
     + library(checkmate)
     + library(testthat)
     + library(mlr3)
     +
     + test_check("mlr3")
     + }
     Error in get(name, envir = asNamespace(pkg), inherits = FALSE) :
     object '.slaveRSOCK' not found
     Calls: ::: -> get
     Execution halted
    
     Execution halted
Flavors: r-devel-linux-x86_64-fedora-clang, r-devel-linux-x86_64-fedora-gcc