CRAN Package Check Results for Package mlr3tuning

Last updated on 2024-06-13 23:56:59 CEST.

Flavor Version Tinstall Tcheck Ttotal Status Flags
r-devel-linux-x86_64-debian-clang 0.20.0 10.69 487.21 497.90 OK
r-devel-linux-x86_64-debian-gcc 0.20.0 8.04 63.13 71.17 ERROR
r-devel-linux-x86_64-fedora-clang 0.20.0 810.51 OK
r-devel-linux-x86_64-fedora-gcc 0.20.0 786.58 OK
r-devel-windows-x86_64 0.20.0 12.00 230.00 242.00 OK
r-patched-linux-x86_64 0.20.0 16.36 642.57 658.93 OK
r-release-linux-x86_64 0.20.0 10.14 483.91 494.05 OK
r-release-macos-arm64 0.20.0 124.00 OK
r-release-macos-x86_64 0.20.0 200.00 OK
r-release-windows-x86_64 0.20.0 10.00 230.00 240.00 OK
r-oldrel-macos-arm64 0.20.0 139.00 OK
r-oldrel-macos-x86_64 0.20.0 259.00 OK
r-oldrel-windows-x86_64 0.20.0 13.00 327.00 340.00 OK

Check Details

Version: 0.20.0
Check: package dependencies
Result: NOTE Packages suggested but not available for checking: 'nloptr', 'testthat' Flavor: r-devel-linux-x86_64-debian-gcc

Version: 0.20.0
Check: examples
Result: ERROR Running examples in ‘mlr3tuning-Ex.R’ failed The error most likely occurred in: > base::assign(".ptime", proc.time(), pos = "CheckExEnv") > ### Name: AutoTuner > ### Title: Class for Automatic Tuning > ### Aliases: AutoTuner > > ### ** Examples > > # Automatic Tuning > > # split to train and external set > task = tsk("penguins") Error in as.data.table(palmerpenguins::penguins) : cannot return a promise (PROMSXP) object Calls: tsk ... dictionary_initialize_item -> do.call -> <Anonymous> -> as.data.table Execution halted Flavor: r-devel-linux-x86_64-debian-gcc