CRAN Package Check Results for Package mlt

Last updated on 2022-10-07 23:08:40 CEST.

Flavor Version Tinstall Tcheck Ttotal Status Flags
r-devel-linux-x86_64-debian-clang 1.4-2 13.56 150.35 163.91 OK
r-devel-linux-x86_64-debian-gcc 1.4-2 9.67 112.25 121.92 NOTE
r-devel-linux-x86_64-fedora-clang 1.4-2 211.66 OK
r-devel-linux-x86_64-fedora-gcc 1.4-2 212.08 OK
r-devel-windows-x86_64 1.4-2 30.00 181.00 211.00 OK
r-patched-linux-x86_64 1.4-2 13.10 140.94 154.04 OK
r-release-linux-x86_64 1.4-2 10.67 141.00 151.67 OK
r-release-macos-arm64 1.4-2 55.00 OK
r-release-macos-x86_64 1.4-2 79.00 OK
r-release-windows-x86_64 1.4-2 31.00 186.00 217.00 OK
r-oldrel-macos-arm64 1.4-2 52.00 OK
r-oldrel-macos-x86_64 1.4-2 78.00 OK
r-oldrel-windows-ix86+x86_64 1.4-2 29.00 260.00 289.00 OK

Check Details

Version: 1.4-2
Check: compilation flags used
Result: NOTE
    Compilation used the following non-portable flag(s):
     ‘-Wstrict-prototypes’
Flavor: r-devel-linux-x86_64-debian-gcc