CRAN Package Check Results for Package mltools

Last updated on 2021-09-19 19:50:14 CEST.

Flavor Version Tinstall Tcheck Ttotal Status Flags
r-devel-linux-x86_64-debian-clang 0.3.5 8.35 75.39 83.74 OK
r-devel-linux-x86_64-debian-gcc 0.3.5 6.94 57.28 64.22 OK
r-devel-linux-x86_64-fedora-clang 0.3.5 108.55 OK
r-devel-linux-x86_64-fedora-gcc 0.3.5 95.08 OK
r-devel-windows-x86_64 0.3.5 8.00 72.00 80.00 OK
r-devel-windows-x86_64-gcc10-UCRT 0.3.5 ERROR
r-patched-linux-x86_64 0.3.5 8.61 70.90 79.51 OK
r-patched-solaris-x86 0.3.5 139.80 OK
r-release-linux-x86_64 0.3.5 6.60 70.74 77.34 OK
r-release-macos-arm64 0.3.5 OK
r-release-macos-x86_64 0.3.5 OK
r-release-windows-ix86+x86_64 0.3.5 18.00 69.00 87.00 OK
r-oldrel-macos-x86_64 0.3.5 OK
r-oldrel-windows-ix86+x86_64 0.3.5 17.00 70.00 87.00 OK

Check Details

Version: 0.3.5
Check: whether package can be installed
Result: WARN
    Found the following significant warnings:
     WARNING: installation-time patches will not be applied, could not get the patches index
Flavor: r-devel-windows-x86_64-gcc10-UCRT

Version: 0.3.5
Check: PDF version of manual
Result: WARN
    LaTeX errors when creating PDF version.
    This typically indicates Rd problems.
Flavor: r-devel-windows-x86_64-gcc10-UCRT

Version: 0.3.5
Check: PDF version of manual without hyperrefs or index
Result: ERROR
    Re-running with no redirection of stdout/stderr.
Flavor: r-devel-windows-x86_64-gcc10-UCRT