CRAN Package Check Results for Package mmaqshiny

Last updated on 2020-12-05 02:49:49 CET.

Flavor Version Tinstall Tcheck Ttotal Status Flags
r-devel-linux-x86_64-debian-clang 1.0.0 4.10 22.51 26.61 OK
r-devel-linux-x86_64-debian-gcc 1.0.0 4.09 20.41 24.50 OK
r-devel-linux-x86_64-fedora-clang 1.0.0 35.46 NOTE
r-devel-linux-x86_64-fedora-gcc 1.0.0 24.90 NOTE
r-devel-windows-ix86+x86_64 1.0.0 8.00 37.00 45.00 NOTE
r-patched-linux-x86_64 1.0.0 4.98 22.59 27.57 OK
r-patched-solaris-x86 1.0.0 46.70 NOTE
r-release-linux-x86_64 1.0.0 4.51 23.15 27.66 OK
r-release-macos-x86_64 1.0.0 NOTE
r-release-windows-ix86+x86_64 1.0.0 8.00 27.00 35.00 NOTE
r-oldrel-macos-x86_64 1.0.0 NOTE
r-oldrel-windows-ix86+x86_64 1.0.0 7.00 35.00 42.00 NOTE

Check Details

Version: 1.0.0
Check: installed package size
Result: NOTE
     installed size is 15.7Mb
     sub-directories of 1Mb or more:
     images 1.1Mb
     shiny 14.5Mb
Flavors: r-devel-linux-x86_64-fedora-clang, r-devel-windows-ix86+x86_64, r-patched-solaris-x86, r-release-macos-x86_64, r-release-windows-ix86+x86_64, r-oldrel-macos-x86_64, r-oldrel-windows-ix86+x86_64

Version: 1.0.0
Check: dependencies in R code
Result: NOTE
    Namespaces in Imports field not imported from:
     ‘Cairo’ ‘DT’ ‘XML’ ‘caTools’ ‘data.table’ ‘dplyr’ ‘ggplot2’
     ‘htmltools’ ‘leaflet’ ‘lubridate’ ‘plotly’ ‘shinyjs’ ‘stringr’ ‘xts’
     ‘zoo’
     All declared Imports should be used.
Flavors: r-devel-linux-x86_64-fedora-clang, r-devel-linux-x86_64-fedora-gcc, r-patched-solaris-x86, r-release-macos-x86_64, r-oldrel-macos-x86_64