CRAN Package Check Results for Package mmb

Last updated on 2022-08-15 13:52:04 CEST.

Flavor Version Tinstall Tcheck Ttotal Status Flags
r-devel-linux-x86_64-debian-clang 0.13.3 4.40 125.66 130.06 NOTE
r-devel-linux-x86_64-debian-gcc 0.13.3 3.15 88.36 91.51 NOTE
r-devel-linux-x86_64-fedora-clang 0.13.3 161.30 NOTE
r-devel-linux-x86_64-fedora-gcc 0.13.3 164.56 NOTE
r-devel-windows-x86_64 0.13.3 19.00 161.00 180.00 NOTE
r-patched-linux-x86_64 0.13.3 3.95 115.48 119.43 NOTE
r-release-linux-x86_64 0.13.3 2.33 115.94 118.27 NOTE
r-release-macos-arm64 0.13.3 44.00 NOTE
r-release-macos-x86_64 0.13.3 58.00 NOTE
r-release-windows-x86_64 0.13.3 22.00 148.00 170.00 NOTE
r-oldrel-macos-arm64 0.13.3 72.00 NOTE
r-oldrel-macos-x86_64 0.13.3 91.00 NOTE
r-oldrel-windows-ix86+x86_64 0.13.3 8.00 155.00 163.00 NOTE

Check Details

Version: 0.13.3
Check: LazyData
Result: NOTE
     'LazyData' is specified without a 'data' directory
Flavors: r-devel-linux-x86_64-debian-clang, r-devel-linux-x86_64-debian-gcc, r-devel-linux-x86_64-fedora-clang, r-devel-linux-x86_64-fedora-gcc, r-devel-windows-x86_64, r-patched-linux-x86_64, r-release-linux-x86_64, r-release-macos-arm64, r-release-macos-x86_64, r-release-windows-x86_64, r-oldrel-macos-arm64, r-oldrel-macos-x86_64, r-oldrel-windows-ix86+x86_64

Version: 0.13.3
Check: dependencies in R code
Result: NOTE
    Namespaces in Imports field not imported from:
     ‘datasets’ ‘doParallel’ ‘parallel’
     All declared Imports should be used.
Flavors: r-devel-linux-x86_64-fedora-clang, r-devel-linux-x86_64-fedora-gcc, r-release-macos-arm64, r-release-macos-x86_64, r-oldrel-macos-arm64, r-oldrel-macos-x86_64