CRAN Package Check Results for Package mmds

Last updated on 2019-07-22 14:47:39 CEST.

Flavor Version Tinstall Tcheck Ttotal Status Flags
r-devel-linux-x86_64-debian-clang 1.1 3.31 26.82 30.13 NOTE
r-devel-linux-x86_64-debian-gcc 1.1 2.48 21.44 23.92 NOTE
r-devel-linux-x86_64-fedora-clang 1.1 34.94 NOTE
r-devel-linux-x86_64-fedora-gcc 1.1 34.05 NOTE
r-devel-windows-ix86+x86_64 1.1 7.00 34.00 41.00 NOTE
r-patched-linux-x86_64 1.1 3.01 27.01 30.02 NOTE
r-patched-solaris-x86 1.1 52.30 NOTE
r-release-linux-x86_64 1.1 2.71 26.72 29.43 NOTE
r-release-windows-ix86+x86_64 1.1 6.00 49.00 55.00 NOTE
r-release-osx-x86_64 1.1 NOTE
r-oldrel-windows-ix86+x86_64 1.1 5.00 34.00 39.00 NOTE
r-oldrel-osx-x86_64 1.1 NOTE

Check Details

Version: 1.1
Check: R code for possible problems
Result: NOTE
    em: no visible global function definition for 'optim'
    em.m: no visible global function definition for 'optim'
    fitmix: no visible global function definition for 'model.matrix'
    fitmix: no visible global function definition for 'as.formula'
    fitmix: no visible global function definition for 'optim'
    flt.gr : Af: no visible global function definition for 'dgamma'
    integrate.hn: no visible global function definition for 'pnorm'
    inv.reparam.pi : F: no visible global function definition for 'pgamma'
    inv.reparam.pi : Finv: no visible global function definition for
     'qgamma'
    plot.ds.mixture: no visible global function definition for 'hist'
    plot.ds.mixture: no visible global function definition for 'par'
    plot.ds.mixture: no visible global function definition for 'plot'
    plot.ds.mixture: no visible global function definition for 'axis'
    plot.ds.mixture: no visible global function definition for 'lines'
    plot.ds.mixture: no visible global function definition for 'box'
    plot.ds.mixture: no visible global function definition for 'as.formula'
    plot.ds.mixture: no visible global function definition for
     'terms.formula'
    plot.ds.mixture: no visible global function definition for 'quantile'
    plot.ds.mixture: no visible global function definition for 'grey'
    reparam.pi : F: no visible global function definition for 'pgamma'
    setinitialvalues: no visible global function definition for 'lm'
    setinitialvalues: no visible global function definition for
     'as.formula'
    sim.mix: no visible global function definition for 'runif'
    sim.mix: no visible global function definition for 'optimize'
    Undefined global functions or variables:
     as.formula axis box dgamma grey hist lines lm model.matrix optim
     optimize par pgamma plot pnorm qgamma quantile runif terms.formula
    Consider adding
     importFrom("grDevices", "grey")
     importFrom("graphics", "axis", "box", "hist", "lines", "par", "plot")
     importFrom("stats", "as.formula", "dgamma", "lm", "model.matrix",
     "optim", "optimize", "pgamma", "pnorm", "qgamma",
     "quantile", "runif", "terms.formula")
    to your NAMESPACE file.
Flavors: r-devel-linux-x86_64-debian-clang, r-devel-linux-x86_64-debian-gcc, r-devel-linux-x86_64-fedora-clang, r-devel-linux-x86_64-fedora-gcc, r-devel-windows-ix86+x86_64, r-patched-linux-x86_64, r-patched-solaris-x86, r-release-linux-x86_64, r-release-windows-ix86+x86_64, r-release-osx-x86_64, r-oldrel-windows-ix86+x86_64, r-oldrel-osx-x86_64