CRAN Package Check Results for Package mmeta

Last updated on 2024-05-23 02:57:57 CEST.

Flavor Version Tinstall Tcheck Ttotal Status Flags
r-devel-linux-x86_64-debian-clang 3.0.0 10.56 61.00 71.56 OK
r-devel-linux-x86_64-debian-gcc 3.0.0 6.64 44.93 51.57 WARN
r-devel-linux-x86_64-fedora-clang 3.0.0 85.24 WARN
r-devel-linux-x86_64-fedora-gcc 3.0.0 82.13 WARN
r-devel-windows-x86_64 3.0.0 12.00 66.00 78.00 WARN
r-patched-linux-x86_64 3.0.0 8.71 57.34 66.05 WARN
r-release-linux-x86_64 3.0.0 7.10 58.27 65.37 OK
r-release-macos-arm64 3.0.0 30.00 OK
r-release-windows-x86_64 3.0.0 11.00 66.00 77.00 OK
r-oldrel-macos-arm64 3.0.0 35.00 OK
r-oldrel-macos-x86_64 3.0.0 44.00 OK
r-oldrel-windows-x86_64 3.0.0 14.00 82.00 96.00 OK

Check Details

Version: 3.0.0
Check: whether package can be installed
Result: WARN Found the following significant warnings: Warning: Fortran 2018 deleted feature: DO termination statement which is not END DO or CONTINUE with label 10 at (1) Warning: Fortran 2018 deleted feature: DO termination statement which is not END DO or CONTINUE with label 15 at (1) Warning: Fortran 2018 deleted feature: DO termination statement which is not END DO or CONTINUE with label 100 at (1) Warning: Fortran 2018 deleted feature: DO termination statement which is not END DO or CONTINUE with label 20 at (1) Warning: Fortran 2018 deleted feature: DO termination statement which is not END DO or CONTINUE with label 30 at (1) See ‘/home/hornik/tmp/R.check/r-devel-gcc/Work/PKGS/mmeta.Rcheck/00install.out’ for details. * used C compiler: ‘gcc-13 (Debian 13.2.0-25) 13.2.0’ * used Fortran compiler: ‘GNU Fortran (Debian 13.2.0-25) 13.2.0’ Flavor: r-devel-linux-x86_64-debian-gcc

Version: 3.0.0
Check: whether package can be installed
Result: WARN Found the following significant warnings: ./hygfx.f:80:12: portability: A DO loop should terminate with an END DO or CONTINUE ./hygfx.f:89:12: portability: A DO loop should terminate with an END DO or CONTINUE ./hygfx.f:116:12: portability: A DO loop should terminate with an END DO or CONTINUE ./hygfx.f:149:15: portability: A DO loop should terminate with an END DO or CONTINUE ./hygfx.f:159:15: portability: A DO loop should terminate with an END DO or CONTINUE ./hygfx.f:178:12: portability: A DO loop should terminate with an END DO or CONTINUE ./hygfx.f:208:12: portability: A DO loop should terminate with an END DO or CONTINUE ./hygfx.f:213:12: portability: A DO loop should terminate with an END DO or CONTINUE ./hygfx.f:219:15: portability: A DO loop should terminate with an END DO or CONTINUE See ‘/data/gannet/ripley/R/packages/tests-clang/mmeta.Rcheck/00install.out’ for details. * used C compiler: ‘clang version 18.1.5’ * used Fortran compiler: ‘flang-new version 18.1.5’ Flavor: r-devel-linux-x86_64-fedora-clang

Version: 3.0.0
Check: whether package can be installed
Result: WARN Found the following significant warnings: Warning: Fortran 2018 deleted feature: DO termination statement which is not END DO or CONTINUE with label 10 at (1) Warning: Fortran 2018 deleted feature: DO termination statement which is not END DO or CONTINUE with label 15 at (1) Warning: Fortran 2018 deleted feature: DO termination statement which is not END DO or CONTINUE with label 100 at (1) Warning: Fortran 2018 deleted feature: DO termination statement which is not END DO or CONTINUE with label 20 at (1) Warning: Fortran 2018 deleted feature: DO termination statement which is not END DO or CONTINUE with label 30 at (1) See ‘/data/gannet/ripley/R/packages/tests-devel/mmeta.Rcheck/00install.out’ for details. * used C compiler: ‘gcc-14 (GCC) 14.1.0’ * used Fortran compiler: ‘GNU Fortran (GCC) 14.1.0’ Flavor: r-devel-linux-x86_64-fedora-gcc

Version: 3.0.0
Check: whether package can be installed
Result: WARN Found the following significant warnings: Warning: Fortran 2018 deleted feature: DO termination statement which is not END DO or CONTINUE with label 10 at (1) Warning: Fortran 2018 deleted feature: DO termination statement which is not END DO or CONTINUE with label 15 at (1) Warning: Fortran 2018 deleted feature: DO termination statement which is not END DO or CONTINUE with label 100 at (1) Warning: Fortran 2018 deleted feature: DO termination statement which is not END DO or CONTINUE with label 20 at (1) Warning: Fortran 2018 deleted feature: DO termination statement which is not END DO or CONTINUE with label 30 at (1) See 'd:/Rcompile/CRANpkg/local/4.5/mmeta.Rcheck/00install.out' for details. * used C compiler: 'gcc.exe (GCC) 13.2.0' * used Fortran compiler: 'GNU Fortran (GCC) 13.2.0' Flavor: r-devel-windows-x86_64

Version: 3.0.0
Check: whether package can be installed
Result: WARN Found the following significant warnings: Warning: Fortran 2018 deleted feature: DO termination statement which is not END DO or CONTINUE with label 10 at (1) Warning: Fortran 2018 deleted feature: DO termination statement which is not END DO or CONTINUE with label 15 at (1) Warning: Fortran 2018 deleted feature: DO termination statement which is not END DO or CONTINUE with label 100 at (1) Warning: Fortran 2018 deleted feature: DO termination statement which is not END DO or CONTINUE with label 20 at (1) Warning: Fortran 2018 deleted feature: DO termination statement which is not END DO or CONTINUE with label 30 at (1) See ‘/home/hornik/tmp/R.check/r-patched-gcc/Work/PKGS/mmeta.Rcheck/00install.out’ for details. * used C compiler: ‘gcc-13 (Debian 13.2.0-24) 13.2.0’ * used Fortran compiler: ‘GNU Fortran (Debian 13.2.0-24) 13.2.0’ Flavor: r-patched-linux-x86_64