CRAN Package Check Results for Package mmpf

Last updated on 2024-05-19 08:53:45 CEST.

Flavor Version Tinstall Tcheck Ttotal Status Flags
r-devel-linux-x86_64-debian-clang 0.0.5 2.62 42.90 45.52 NOTE
r-devel-linux-x86_64-debian-gcc 0.0.5 2.03 32.79 34.82 NOTE
r-devel-linux-x86_64-fedora-clang 0.0.5 62.48 NOTE
r-devel-linux-x86_64-fedora-gcc 0.0.5 91.53 NOTE
r-devel-windows-x86_64 0.0.5 3.00 54.00 57.00 NOTE
r-patched-linux-x86_64 0.0.5 3.11 41.64 44.75 NOTE
r-release-linux-x86_64 0.0.5 1.95 41.05 43.00 NOTE
r-release-macos-arm64 0.0.5 27.00 NOTE
r-release-windows-x86_64 0.0.5 4.00 53.00 57.00 NOTE
r-oldrel-macos-arm64 0.0.5 26.00 NOTE
r-oldrel-macos-x86_64 0.0.5 38.00 NOTE
r-oldrel-windows-x86_64 0.0.5 3.00 63.00 66.00 NOTE

Check Details

Version: 0.0.5
Check: package subdirectories
Result: NOTE Problems with news in ‘NEWS.md’: No news entries found. Flavors: r-devel-linux-x86_64-debian-clang, r-devel-linux-x86_64-debian-gcc, r-devel-linux-x86_64-fedora-clang, r-devel-linux-x86_64-fedora-gcc, r-devel-windows-x86_64, r-patched-linux-x86_64, r-release-linux-x86_64, r-release-macos-arm64, r-release-windows-x86_64, r-oldrel-macos-arm64, r-oldrel-macos-x86_64, r-oldrel-windows-x86_64

Version: 0.0.5
Check: LazyData
Result: NOTE 'LazyData' is specified without a 'data' directory Flavors: r-devel-linux-x86_64-debian-clang, r-devel-linux-x86_64-debian-gcc, r-devel-linux-x86_64-fedora-clang, r-devel-linux-x86_64-fedora-gcc, r-devel-windows-x86_64, r-patched-linux-x86_64, r-release-linux-x86_64, r-release-macos-arm64, r-release-windows-x86_64, r-oldrel-macos-arm64, r-oldrel-macos-x86_64, r-oldrel-windows-x86_64