CRAN Package Check Results for Package mnj

Last updated on 2023-06-03 00:57:13 CEST.

Flavor Version Tinstall Tcheck Ttotal Status Flags
r-devel-linux-x86_64-debian-clang 1.0 1.99 20.46 22.45 ERROR
r-devel-linux-x86_64-debian-gcc 1.0 1.39 16.44 17.83 ERROR
r-devel-linux-x86_64-fedora-clang 1.0 28.95 ERROR
r-devel-linux-x86_64-fedora-gcc 1.0 28.17 ERROR
r-devel-windows-x86_64 1.0 3.00 40.00 43.00 ERROR
r-patched-linux-x86_64 1.0 ERROR
r-release-linux-x86_64 1.0 1.61 20.29 21.90 ERROR
r-release-macos-arm64 1.0 25.00 NOTE
r-release-macos-x86_64 1.0 24.00 NOTE
r-release-windows-x86_64 1.0 2.00 39.00 41.00 ERROR
r-oldrel-macos-arm64 1.0 20.00 NOTE
r-oldrel-macos-x86_64 1.0 24.00 NOTE
r-oldrel-windows-x86_64 1.0 4.00 40.00 44.00 ERROR

Additional issues

M1mac

Check Details

Version: 1.0
Check: LazyData
Result: NOTE
     'LazyData' is specified without a 'data' directory
Flavors: r-devel-linux-x86_64-debian-clang, r-devel-linux-x86_64-debian-gcc, r-devel-linux-x86_64-fedora-clang, r-devel-linux-x86_64-fedora-gcc, r-devel-windows-x86_64, r-patched-linux-x86_64, r-release-linux-x86_64, r-release-macos-arm64, r-release-macos-x86_64, r-release-windows-x86_64, r-oldrel-macos-arm64, r-oldrel-macos-x86_64, r-oldrel-windows-x86_64

Version: 1.0
Check: examples
Result: ERROR
    Running examples in ‘mnj-Ex.R’ failed
    The error most likely occurred in:
    
    > base::assign(".ptime", proc.time(), pos = "CheckExEnv")
    > ### Name: flex
    > ### Title: FlexBoost
    > ### Aliases: flex
    > ### Keywords: FlexBoost
    >
    > ### ** Examples
    >
    > data <- read.csv(url("http://bit.ly/flex_iris"), TRUE)
    Warning in open.connection(file, "rt") :
     cannot open URL 'https://doc-0k-0k-sheets.googleusercontent.com/pub/n4743ueaoiib6is67cgugk097k/dpiihjf42hqghuaqto3ojqbb6c/1685716165000/114156073280484503944/*/e@2PACX-1vTpivpEfsHjjRZtsvhYiDCIm3lM8yELTpL5aR-x5HP3zlD8p_l_-y0dHC_soQnWqvoO8w2Hsnng4RzX?gid=542172099&single=true&output=csv': HTTP status was '410 Gone'
    Error in open.connection(file, "rt") :
     cannot open the connection to 'http://bit.ly/flex_iris'
    Calls: read.csv -> read.table -> open -> open.connection
    Execution halted
Flavor: r-devel-linux-x86_64-debian-clang

Version: 1.0
Check: examples
Result: ERROR
    Running examples in ‘mnj-Ex.R’ failed
    The error most likely occurred in:
    
    > base::assign(".ptime", proc.time(), pos = "CheckExEnv")
    > ### Name: flex
    > ### Title: FlexBoost
    > ### Aliases: flex
    > ### Keywords: FlexBoost
    >
    > ### ** Examples
    >
    > data <- read.csv(url("http://bit.ly/flex_iris"), TRUE)
    Warning in open.connection(file, "rt") :
     cannot open URL 'https://doc-0k-0k-sheets.googleusercontent.com/pub/n4743ueaoiib6is67cgugk097k/ikr429r9cgvbjuo0gmvpiqo954/1685655860000/114156073280484503944/*/e@2PACX-1vTpivpEfsHjjRZtsvhYiDCIm3lM8yELTpL5aR-x5HP3zlD8p_l_-y0dHC_soQnWqvoO8w2Hsnng4RzX?gid=542172099&single=true&output=csv': HTTP status was '410 Gone'
    Error in open.connection(file, "rt") :
     cannot open the connection to 'http://bit.ly/flex_iris'
    Calls: read.csv -> read.table -> open -> open.connection
    Execution halted
Flavor: r-devel-linux-x86_64-debian-gcc

Version: 1.0
Check: examples
Result: ERROR
    Running examples in ‘mnj-Ex.R’ failed
    The error most likely occurred in:
    
    > ### Name: flex
    > ### Title: FlexBoost
    > ### Aliases: flex
    > ### Keywords: FlexBoost
    >
    > ### ** Examples
    >
    > data <- read.csv(url("http://bit.ly/flex_iris"), TRUE)
    Warning in open.connection(file, "rt") :
     cannot open URL 'https://doc-0k-0k-sheets.googleusercontent.com/pub/n4743ueaoiib6is67cgugk097k/pm6uc7jhfcjqf21sjrfek3mgog/1685301315000/114156073280484503944/*/e@2PACX-1vTpivpEfsHjjRZtsvhYiDCIm3lM8yELTpL5aR-x5HP3zlD8p_l_-y0dHC_soQnWqvoO8w2Hsnng4RzX?gid=542172099&single=true&output=csv': HTTP status was '410 Gone'
    Error in open.connection(file, "rt") :
     cannot open the connection to 'http://bit.ly/flex_iris'
    Calls: read.csv -> read.table -> open -> open.connection
    Execution halted
Flavor: r-devel-linux-x86_64-fedora-clang

Version: 1.0
Check: examples
Result: ERROR
    Running examples in ‘mnj-Ex.R’ failed
    The error most likely occurred in:
    
    > ### Name: flex
    > ### Title: FlexBoost
    > ### Aliases: flex
    > ### Keywords: FlexBoost
    >
    > ### ** Examples
    >
    > data <- read.csv(url("http://bit.ly/flex_iris"), TRUE)
    Warning in open.connection(file, "rt") :
     cannot open URL 'https://doc-0k-0k-sheets.googleusercontent.com/pub/n4743ueaoiib6is67cgugk097k/rt0trrca3lm2l61rv60v74n38k/1684910705000/114156073280484503944/*/e@2PACX-1vTpivpEfsHjjRZtsvhYiDCIm3lM8yELTpL5aR-x5HP3zlD8p_l_-y0dHC_soQnWqvoO8w2Hsnng4RzX?gid=542172099&single=true&output=csv': HTTP status was '410 Gone'
    Error in open.connection(file, "rt") :
     cannot open the connection to 'http://bit.ly/flex_iris'
    Calls: read.csv -> read.table -> open -> open.connection
    Execution halted
Flavor: r-devel-linux-x86_64-fedora-gcc

Version: 1.0
Check: examples
Result: ERROR
    Running examples in 'mnj-Ex.R' failed
    The error most likely occurred in:
    
    > ### Name: flex
    > ### Title: FlexBoost
    > ### Aliases: flex
    > ### Keywords: FlexBoost
    >
    > ### ** Examples
    >
    > data <- read.csv(url("http://bit.ly/flex_iris"), TRUE)
    Warning in open.connection(file, "rt") :
     cannot open URL 'https://doc-0k-0k-sheets.googleusercontent.com/pub/n4743ueaoiib6is67cgugk097k/667prthksqeomquflmjpd0haok/1685714600000/114156073280484503944/*/e@2PACX-1vTpivpEfsHjjRZtsvhYiDCIm3lM8yELTpL5aR-x5HP3zlD8p_l_-y0dHC_soQnWqvoO8w2Hsnng4RzX?gid=542172099&single=true&output=csv': HTTP status was '410 Gone'
    Error in open.connection(file, "rt") :
     cannot open the connection to 'http://bit.ly/flex_iris'
    Calls: read.csv -> read.table -> open -> open.connection
    Execution halted
Flavor: r-devel-windows-x86_64

Version: 1.0
Check: examples
Result: ERROR
    Running examples in ‘mnj-Ex.R’ failed
    The error most likely occurred in:
    
    > base::assign(".ptime", proc.time(), pos = "CheckExEnv")
    > ### Name: flex
    > ### Title: FlexBoost
    > ### Aliases: flex
    > ### Keywords: FlexBoost
    >
    > ### ** Examples
    >
    > data <- read.csv(url("http://bit.ly/flex_iris"), TRUE)
    Warning in open.connection(file, "rt") :
     cannot open URL 'https://doc-0k-0k-sheets.googleusercontent.com/pub/n4743ueaoiib6is67cgugk097k/b0lrl7o6h9fiu8j7qtjkpdiglo/1685512675000/114156073280484503944/*/e@2PACX-1vTpivpEfsHjjRZtsvhYiDCIm3lM8yELTpL5aR-x5HP3zlD8p_l_-y0dHC_soQnWqvoO8w2Hsnng4RzX?gid=542172099&single=true&output=csv': HTTP status was '410 Gone'
    Error in open.connection(file, "rt") :
     cannot open the connection to 'http://bit.ly/flex_iris'
    Calls: read.csv -> read.table -> open -> open.connection
    Execution halted
Flavor: r-patched-linux-x86_64

Version: 1.0
Check: examples
Result: ERROR
    Running examples in ‘mnj-Ex.R’ failed
    The error most likely occurred in:
    
    > base::assign(".ptime", proc.time(), pos = "CheckExEnv")
    > ### Name: flex
    > ### Title: FlexBoost
    > ### Aliases: flex
    > ### Keywords: FlexBoost
    >
    > ### ** Examples
    >
    > data <- read.csv(url("http://bit.ly/flex_iris"), TRUE)
    Warning in open.connection(file, "rt") :
     cannot open URL 'https://doc-0k-0k-sheets.googleusercontent.com/pub/n4743ueaoiib6is67cgugk097k/6d78onu21lkn00thodnts3nc30/1685612200000/114156073280484503944/*/e@2PACX-1vTpivpEfsHjjRZtsvhYiDCIm3lM8yELTpL5aR-x5HP3zlD8p_l_-y0dHC_soQnWqvoO8w2Hsnng4RzX?gid=542172099&single=true&output=csv': HTTP status was '410 Gone'
    Error in open.connection(file, "rt") :
     cannot open the connection to 'http://bit.ly/flex_iris'
    Calls: read.csv -> read.table -> open -> open.connection
    Execution halted
Flavor: r-release-linux-x86_64

Version: 1.0
Check: examples
Result: ERROR
    Running examples in 'mnj-Ex.R' failed
    The error most likely occurred in:
    
    > ### Name: flex
    > ### Title: FlexBoost
    > ### Aliases: flex
    > ### Keywords: FlexBoost
    >
    > ### ** Examples
    >
    > data <- read.csv(url("http://bit.ly/flex_iris"), TRUE)
    Warning in open.connection(file, "rt") :
     cannot open URL 'https://doc-0k-0k-sheets.googleusercontent.com/pub/n4743ueaoiib6is67cgugk097k/gu5pahk710a90s906kpk15c8lg/1685641990000/114156073280484503944/*/e@2PACX-1vTpivpEfsHjjRZtsvhYiDCIm3lM8yELTpL5aR-x5HP3zlD8p_l_-y0dHC_soQnWqvoO8w2Hsnng4RzX?gid=542172099&single=true&output=csv': HTTP status was '410 Gone'
    Error in open.connection(file, "rt") :
     cannot open the connection to 'http://bit.ly/flex_iris'
    Calls: read.csv -> read.table -> open -> open.connection
    Execution halted
Flavor: r-release-windows-x86_64

Version: 1.0
Check: examples
Result: ERROR
    Running examples in 'mnj-Ex.R' failed
    The error most likely occurred in:
    
    > ### Name: flex
    > ### Title: FlexBoost
    > ### Aliases: flex
    > ### Keywords: FlexBoost
    >
    > ### ** Examples
    >
    > data <- read.csv(url("http://bit.ly/flex_iris"), TRUE)
    Warning in open.connection(file, "rt") :
     cannot open URL 'https://doc-0k-0k-sheets.googleusercontent.com/pub/n4743ueaoiib6is67cgugk097k/spf0ki0lh36qss1t3ibta188mg/1685727140000/114156073280484503944/*/e@2PACX-1vTpivpEfsHjjRZtsvhYiDCIm3lM8yELTpL5aR-x5HP3zlD8p_l_-y0dHC_soQnWqvoO8w2Hsnng4RzX?gid=542172099&single=true&output=csv': HTTP status was '410 Gone'
    Error in open.connection(file, "rt") :
     cannot open the connection to 'http://bit.ly/flex_iris'
    Calls: read.csv -> read.table -> open -> open.connection
    Execution halted
Flavor: r-oldrel-windows-x86_64