Last updated on 2023-02-04 08:57:40 CET.
Flavor | Version | Tinstall | Tcheck | Ttotal | Status | Flags |
---|---|---|---|---|---|---|
r-devel-linux-x86_64-debian-clang | 0.2.3 | 14.14 | 200.97 | 215.11 | OK | |
r-devel-linux-x86_64-debian-gcc | 0.2.3 | 11.31 | 140.99 | 152.30 | OK | |
r-devel-linux-x86_64-fedora-clang | 0.2.3 | 258.65 | NOTE | |||
r-devel-linux-x86_64-fedora-gcc | 0.2.3 | 300.82 | OK | |||
r-devel-windows-x86_64 | 0.2.3 | 23.00 | 231.00 | 254.00 | OK | |
r-patched-linux-x86_64 | 0.2.3 | 9.51 | 184.67 | 194.18 | OK | |
r-release-linux-x86_64 | 0.2.3 | 8.96 | 183.81 | 192.77 | OK | |
r-release-macos-arm64 | 0.2.3 | 68.00 | OK | |||
r-release-macos-x86_64 | 0.2.3 | 146.00 | OK | |||
r-release-windows-x86_64 | 0.2.3 | 23.00 | 250.00 | 273.00 | OK | |
r-oldrel-macos-arm64 | 0.2.3 | 86.00 | OK | |||
r-oldrel-macos-x86_64 | 0.2.3 | 146.00 | OK | |||
r-oldrel-windows-ix86+x86_64 | 0.2.3 | 28.00 | 228.00 | 256.00 | OK |
Version: 0.2.3
Check: Rd cross-references
Result: NOTE
Undeclared package ‘geomorph’ in Rd xrefs
Flavor: r-devel-linux-x86_64-fedora-clang