CRAN Package Check Results for Package modchart

Last updated on 2022-10-08 00:50:00 CEST.

Flavor Version Tinstall Tcheck Ttotal Status Flags
r-devel-linux-x86_64-debian-clang 0.5 32.23 108.74 140.97 OK
r-devel-linux-x86_64-debian-gcc 0.5 31.19 82.92 114.11 OK
r-devel-linux-x86_64-fedora-clang 0.5 193.04 NOTE
r-devel-linux-x86_64-fedora-gcc 0.5 187.54 NOTE
r-devel-windows-x86_64 0.5 73.00 135.00 208.00 OK
r-patched-linux-x86_64 0.5 28.62 102.84 131.46 OK
r-release-linux-x86_64 0.5 24.10 104.18 128.28 OK
r-release-macos-arm64 0.5 45.00 NOTE
r-release-macos-x86_64 0.5 93.00 NOTE
r-release-windows-x86_64 0.5 63.00 129.00 192.00 OK
r-oldrel-macos-arm64 0.5 59.00 NOTE
r-oldrel-macos-x86_64 0.5 93.00 NOTE
r-oldrel-windows-ix86+x86_64 0.5 66.00 124.00 190.00 OK

Check Details

Version: 0.5
Check: package dependencies
Result: NOTE
    Imports includes 22 non-default packages.
    Importing from so many packages makes the package vulnerable to any of
    them becoming unavailable. Move as many as possible to Suggests and
    use conditionally.
Flavor: r-devel-linux-x86_64-fedora-clang

Version: 0.5
Check: dependencies in R code
Result: NOTE
    Namespace in Imports field not imported from: ‘lazyeval’
     All declared Imports should be used.
Flavors: r-devel-linux-x86_64-fedora-clang, r-devel-linux-x86_64-fedora-gcc, r-release-macos-arm64, r-release-macos-x86_64, r-oldrel-macos-arm64, r-oldrel-macos-x86_64