CRAN Package Check Results for Package modelDown

Last updated on 2022-10-02 16:51:50 CEST.

Flavor Version Tinstall Tcheck Ttotal Status Flags
r-devel-linux-x86_64-debian-clang 1.1 7.88 200.69 208.57 NOTE
r-devel-linux-x86_64-debian-gcc 1.1 5.97 158.57 164.54 NOTE
r-devel-linux-x86_64-fedora-clang 1.1 255.81 NOTE
r-devel-linux-x86_64-fedora-gcc 1.1 248.19 NOTE
r-devel-windows-x86_64 1.1 28.00 183.00 211.00 NOTE
r-patched-linux-x86_64 1.1 6.61 191.10 197.71 NOTE
r-release-linux-x86_64 1.1 4.70 190.46 195.16 NOTE
r-release-macos-arm64 1.1 64.00 NOTE
r-release-macos-x86_64 1.1 112.00 NOTE
r-release-windows-x86_64 1.1 18.00 186.00 204.00 NOTE
r-oldrel-macos-arm64 1.1 67.00 NOTE
r-oldrel-macos-x86_64 1.1 107.00 NOTE
r-oldrel-windows-ix86+x86_64 1.1 21.00 192.00 213.00 NOTE

Check Details

Version: 1.1
Check: LazyData
Result: NOTE
     'LazyData' is specified without a 'data' directory
Flavors: r-devel-linux-x86_64-debian-clang, r-devel-linux-x86_64-debian-gcc, r-devel-linux-x86_64-fedora-clang, r-devel-linux-x86_64-fedora-gcc, r-devel-windows-x86_64, r-patched-linux-x86_64, r-release-linux-x86_64, r-release-macos-arm64, r-release-macos-x86_64, r-release-windows-x86_64, r-oldrel-macos-arm64, r-oldrel-macos-x86_64, r-oldrel-windows-ix86+x86_64

Version: 1.1
Check: dependencies in R code
Result: NOTE
    Namespaces in Imports field not imported from:
     ‘DALEX’ ‘DT’ ‘auditor’ ‘breakDown’ ‘drifter’ ‘svglite’
     All declared Imports should be used.
Flavors: r-devel-linux-x86_64-fedora-clang, r-devel-linux-x86_64-fedora-gcc, r-release-macos-arm64, r-release-macos-x86_64, r-oldrel-macos-arm64, r-oldrel-macos-x86_64