Last updated on 2022-06-25 23:56:23 CEST.
Flavor | Version | Tinstall | Tcheck | Ttotal | Status | Flags |
---|---|---|---|---|---|---|
r-devel-linux-x86_64-debian-clang | 0.1.0 | 29.12 | 278.02 | 307.14 | NOTE | |
r-devel-linux-x86_64-debian-gcc | 0.1.0 | 23.54 | 207.77 | 231.31 | NOTE | |
r-devel-linux-x86_64-fedora-clang | 0.1.0 | 384.25 | NOTE | |||
r-devel-linux-x86_64-fedora-gcc | 0.1.0 | 397.87 | NOTE | |||
r-devel-windows-x86_64 | 0.1.0 | 269.00 | 300.00 | 569.00 | NOTE | |
r-patched-linux-x86_64 | 0.1.0 | 30.08 | 261.39 | 291.47 | NOTE | |
r-release-linux-x86_64 | 0.1.0 | 23.05 | 262.66 | 285.71 | NOTE | |
r-release-macos-arm64 | 0.1.0 | 75.00 | NOTE | |||
r-release-macos-x86_64 | 0.1.0 | 150.00 | NOTE | |||
r-release-windows-x86_64 | 0.1.0 | 221.00 | 282.00 | 503.00 | NOTE | |
r-oldrel-macos-arm64 | 0.1.0 | 72.00 | NOTE | |||
r-oldrel-macos-x86_64 | 0.1.0 | 98.00 | NOTE | |||
r-oldrel-windows-ix86+x86_64 | 0.1.0 | 70.00 | 297.00 | 367.00 | NOTE |
Version: 0.1.0
Check: LazyData
Result: NOTE
'LazyData' is specified without a 'data' directory
Flavors: r-devel-linux-x86_64-debian-clang, r-devel-linux-x86_64-debian-gcc, r-devel-linux-x86_64-fedora-clang, r-devel-linux-x86_64-fedora-gcc, r-devel-windows-x86_64, r-patched-linux-x86_64, r-release-linux-x86_64, r-release-macos-arm64, r-release-macos-x86_64, r-release-windows-x86_64, r-oldrel-macos-arm64, r-oldrel-macos-x86_64, r-oldrel-windows-ix86+x86_64