CRAN Package Check Results for Package momentuHMM

Last updated on 2024-02-21 00:54:34 CET.

Flavor Version Tinstall Tcheck Ttotal Status Flags
r-devel-linux-x86_64-debian-clang 1.5.5 OK
r-devel-linux-x86_64-debian-gcc 1.5.5 130.64 420.57 551.21 OK
r-devel-linux-x86_64-fedora-clang 1.5.5 542.26 OK
r-devel-linux-x86_64-fedora-gcc 1.5.5 546.19 OK
r-devel-windows-x86_64 1.5.5 129.00 397.00 526.00 OK
r-patched-linux-x86_64 1.5.5 171.43 554.91 726.34 OK
r-release-linux-x86_64 1.5.5 163.12 559.07 722.19 OK
r-release-macos-arm64 1.5.5 267.00 NOTE
r-release-macos-x86_64 1.5.5 454.00 NOTE
r-release-windows-x86_64 1.5.5 172.00 524.00 696.00 OK
r-oldrel-macos-arm64 1.5.5 232.00 NOTE
r-oldrel-windows-x86_64 1.5.5 170.00 524.00 694.00 OK

Check Details

Version: 1.5.5
Check: installed package size
Result: NOTE installed size is 9.0Mb sub-directories of 1Mb or more: R 2.0Mb doc 1.7Mb libs 4.6Mb Flavors: r-release-macos-arm64, r-release-macos-x86_64, r-oldrel-macos-arm64