CRAN Package Check Results for Package momr

Last updated on 2020-02-19 22:57:24 CET.

Flavor Version Tinstall Tcheck Ttotal Status Flags
r-devel-linux-x86_64-debian-clang 1.1 4.00 40.33 44.33 OK
r-devel-linux-x86_64-debian-gcc 1.1 3.85 31.40 35.25 OK
r-devel-linux-x86_64-fedora-clang 1.1 57.17 WARN
r-devel-linux-x86_64-fedora-gcc 1.1 52.88 OK
r-devel-windows-ix86+x86_64 1.1 11.00 49.00 60.00 NOTE
r-devel-windows-ix86+x86_64-gcc8 1.1 20.00 73.00 93.00 NOTE
r-patched-linux-x86_64 1.1 3.91 36.68 40.59 OK
r-patched-solaris-x86 1.1 73.30 NOTE
r-release-linux-x86_64 1.1 3.96 36.47 40.43 OK
r-release-windows-ix86+x86_64 1.1 9.00 50.00 59.00 NOTE
r-release-osx-x86_64 1.1 NOTE
r-oldrel-windows-ix86+x86_64 1.1 7.00 44.00 51.00 NOTE
r-oldrel-osx-x86_64 1.1 NOTE

Check Details

Version: 1.1
Check: package dependencies
Result: WARN
    Requires orphaned package: ‘gplots’
Flavor: r-devel-linux-x86_64-fedora-clang

Version: 1.1
Check: installed package size
Result: NOTE
     installed size is 7.3Mb
     sub-directories of 1Mb or more:
     data 2.1Mb
Flavors: r-devel-linux-x86_64-fedora-clang, r-devel-windows-ix86+x86_64, r-devel-windows-ix86+x86_64-gcc8, r-patched-solaris-x86, r-release-windows-ix86+x86_64, r-release-osx-x86_64, r-oldrel-windows-ix86+x86_64, r-oldrel-osx-x86_64