CRAN Package Check Results for Package momr

Last updated on 2019-09-23 04:46:25 CEST.

Flavor Version Tinstall Tcheck Ttotal Status Flags
r-devel-linux-x86_64-debian-clang 1.1 3.72 37.79 41.51 OK
r-devel-linux-x86_64-debian-gcc 1.1 3.54 29.65 33.19 OK
r-devel-linux-x86_64-fedora-clang 1.1 49.95 NOTE
r-devel-linux-x86_64-fedora-gcc 1.1 58.95 OK
r-devel-windows-ix86+x86_64 1.1 25.00 74.00 99.00 NOTE
r-patched-linux-x86_64 1.1 4.52 37.48 42.00 OK
r-patched-solaris-x86 1.1 77.90 NOTE
r-release-linux-x86_64 1.1 2.96 37.52 40.48 OK
r-release-windows-ix86+x86_64 1.1 16.00 73.00 89.00 NOTE
r-release-osx-x86_64 1.1 NOTE
r-oldrel-windows-ix86+x86_64 1.1 6.00 45.00 51.00 NOTE
r-oldrel-osx-x86_64 1.1 NOTE

Check Details

Version: 1.1
Check: installed package size
Result: NOTE
     installed size is 7.3Mb
     sub-directories of 1Mb or more:
     data 2.1Mb
Flavors: r-devel-linux-x86_64-fedora-clang, r-devel-windows-ix86+x86_64, r-patched-solaris-x86, r-release-windows-ix86+x86_64, r-release-osx-x86_64, r-oldrel-windows-ix86+x86_64, r-oldrel-osx-x86_64