Last updated on 2021-04-16 08:48:33 CEST.
Flavor | Version | Tinstall | Tcheck | Ttotal | Status | Flags |
---|---|---|---|---|---|---|
r-devel-linux-x86_64-debian-clang | 0.0.2 | 1.78 | 25.37 | 27.15 | NOTE | |
r-devel-linux-x86_64-debian-gcc | 0.0.2 | 1.50 | 20.74 | 22.24 | NOTE | |
r-devel-linux-x86_64-fedora-clang | 0.0.2 | 45.26 | NOTE | |||
r-devel-linux-x86_64-fedora-gcc | 0.0.2 | 33.46 | NOTE | |||
r-devel-windows-ix86+x86_64 | 0.0.2 | 5.00 | 4.00 | 9.00 | ERROR | |
r-devel-windows-x86_64-gcc10-UCRT | 0.0.2 | NOTE | ||||
r-patched-linux-x86_64 | 0.0.2 | 1.95 | 25.14 | 27.09 | OK | |
r-patched-solaris-x86 | 0.0.2 | 51.80 | OK | |||
r-release-linux-x86_64 | 0.0.2 | 1.90 | 24.81 | 26.71 | OK | |
r-release-macos-x86_64 | 0.0.2 | OK | ||||
r-release-windows-ix86+x86_64 | 0.0.2 | 18.00 | 49.00 | 67.00 | OK | |
r-oldrel-macos-x86_64 | 0.0.2 | OK | ||||
r-oldrel-windows-ix86+x86_64 | 0.0.2 | 3.00 | 43.00 | 46.00 | OK |
Version: 0.0.2
Check: LazyData
Result: NOTE
'LazyData' is specified without a 'data' directory
Flavors: r-devel-linux-x86_64-debian-clang, r-devel-linux-x86_64-debian-gcc, r-devel-linux-x86_64-fedora-clang, r-devel-linux-x86_64-fedora-gcc, r-devel-windows-x86_64-gcc10-UCRT
Version: 0.0.2
Check: whether package can be installed
Result: ERROR
Installation failed.
Flavor: r-devel-windows-ix86+x86_64