CRAN Package Check Results for Package mosaicCore

Last updated on 2024-07-22 11:56:30 CEST.

Flavor Version Tinstall Tcheck Ttotal Status Flags
r-devel-linux-x86_64-debian-clang 0.9.4.0 8.01 74.14 82.15 OK
r-devel-linux-x86_64-debian-gcc 0.9.4.0 4.87 54.50 59.37 NOTE
r-devel-linux-x86_64-fedora-clang 0.9.4.0 99.60 OK
r-devel-linux-x86_64-fedora-gcc 0.9.4.0 91.44 OK
r-devel-windows-x86_64 0.9.4.0 8.00 77.00 85.00 NOTE
r-patched-linux-x86_64 0.9.4.0 14.06 68.40 82.46 OK
r-release-linux-x86_64 0.9.4.0 4.23 67.27 71.50 OK
r-release-macos-arm64 0.9.4.0 45.00 OK
r-release-macos-x86_64 0.9.4.0 65.00 OK
r-release-windows-x86_64 0.9.4.0 7.00 79.00 86.00 OK
r-oldrel-macos-arm64 0.9.4.0 32.00 OK
r-oldrel-macos-x86_64 0.9.4.0 62.00 OK
r-oldrel-windows-x86_64 0.9.4.0 9.00 95.00 104.00 OK

Check Details

Version: 0.9.4.0
Check: Rd cross-references
Result: NOTE Found the following Rd file(s) with Rd \link{} targets missing package anchors: make_df.Rd: bind_rows Please provide package anchors for all Rd \link{} targets not in the package itself and the base packages. Flavors: r-devel-linux-x86_64-debian-gcc, r-devel-windows-x86_64