Last updated on 2025-01-21 17:49:22 CET.
Flavor | Version | Tinstall | Tcheck | Ttotal | Status | Flags |
---|---|---|---|---|---|---|
r-devel-linux-x86_64-debian-clang | 0.9.4.0 | 6.28 | 57.85 | 64.13 | NOTE | |
r-devel-linux-x86_64-debian-gcc | 0.9.4.0 | 4.06 | 40.70 | 44.76 | NOTE | |
r-devel-linux-x86_64-fedora-clang | 0.9.4.0 | 106.28 | OK | |||
r-devel-linux-x86_64-fedora-gcc | 0.9.4.0 | 96.53 | OK | |||
r-devel-windows-x86_64 | 0.9.4.0 | 7.00 | 76.00 | 83.00 | NOTE | |
r-patched-linux-x86_64 | 0.9.4.0 | 13.72 | 52.18 | 65.90 | OK | |
r-release-linux-x86_64 | 0.9.4.0 | 5.83 | 52.65 | 58.48 | OK | |
r-release-macos-arm64 | 0.9.4.0 | 45.00 | OK | |||
r-release-macos-x86_64 | 0.9.4.0 | 65.00 | OK | |||
r-release-windows-x86_64 | 0.9.4.0 | 9.00 | 79.00 | 88.00 | OK | |
r-oldrel-macos-arm64 | 0.9.4.0 | 32.00 | OK | |||
r-oldrel-macos-x86_64 | 0.9.4.0 | 62.00 | OK | |||
r-oldrel-windows-x86_64 | 0.9.4.0 | 8.00 | 95.00 | 103.00 | OK |
Version: 0.9.4.0
Check: Rd cross-references
Result: NOTE
Found the following Rd file(s) with Rd \link{} targets missing package
anchors:
make_df.Rd: bind_rows
Please provide package anchors for all Rd \link{} targets not in the
package itself and the base packages.
Flavors: r-devel-linux-x86_64-debian-clang, r-devel-linux-x86_64-debian-gcc, r-devel-windows-x86_64