CRAN Package Check Results for Package mosaicData

Last updated on 2023-02-02 16:54:05 CET.

Flavor Version Tinstall Tcheck Ttotal Status Flags
r-devel-linux-x86_64-debian-clang 0.20.3 3.85 48.01 51.86 OK
r-devel-linux-x86_64-debian-gcc 0.20.3 2.61 35.31 37.92 OK
r-devel-linux-x86_64-fedora-clang 0.20.3 63.03 NOTE
r-devel-linux-x86_64-fedora-gcc 0.20.3 61.11 NOTE
r-patched-linux-x86_64 0.20.3 4.93 42.56 47.49 OK
r-release-linux-x86_64 0.20.3 4.27 42.56 46.83 OK
r-release-macos-arm64 0.20.3 33.00 NOTE
r-release-macos-x86_64 0.20.3 47.00 NOTE
r-release-windows-x86_64 0.20.3 23.00 94.00 117.00 OK
r-oldrel-macos-arm64 0.20.3 35.00 NOTE
r-oldrel-macos-x86_64 0.20.3 50.00 NOTE
r-oldrel-windows-ix86+x86_64 0.20.3 8.00 76.00 84.00 OK

Check Details

Version: 0.20.3
Check: data for non-ASCII characters
Result: NOTE
     Note: found 7 marked UTF-8 strings
Flavors: r-devel-linux-x86_64-fedora-clang, r-devel-linux-x86_64-fedora-gcc, r-release-macos-arm64, r-release-macos-x86_64, r-oldrel-macos-arm64, r-oldrel-macos-x86_64