CRAN Package Check Results for Package mosaicData

Last updated on 2024-02-21 01:49:25 CET.

Flavor Version Tinstall Tcheck Ttotal Status Flags
r-devel-linux-x86_64-debian-clang 0.20.4 OK
r-devel-linux-x86_64-debian-gcc 0.20.4 2.59 32.72 35.31 OK
r-devel-linux-x86_64-fedora-clang 0.20.4 57.21 NOTE
r-devel-linux-x86_64-fedora-gcc 0.20.4 54.98 NOTE
r-devel-windows-x86_64 0.20.4 6.00 63.00 69.00 OK
r-patched-linux-x86_64 0.20.4 6.13 41.73 47.86 OK
r-release-linux-x86_64 0.20.4 4.25 41.90 46.15 OK
r-release-macos-arm64 0.20.4 29.00 OK
r-release-macos-x86_64 0.20.4 70.00 OK
r-release-windows-x86_64 0.20.4 5.00 73.00 78.00 OK
r-oldrel-macos-arm64 0.20.4 34.00 OK
r-oldrel-windows-x86_64 0.20.4 8.00 65.00 73.00 OK

Check Details

Version: 0.20.4
Check: data for non-ASCII characters
Result: NOTE Note: found 7 marked UTF-8 strings Flavors: r-devel-linux-x86_64-fedora-clang, r-devel-linux-x86_64-fedora-gcc