CRAN Package Check Results for Package mosaicModel

Last updated on 2023-02-02 18:54:33 CET.

Flavor Version Tinstall Tcheck Ttotal Status Flags
r-devel-linux-x86_64-debian-clang 0.3.0 8.40 99.89 108.29 OK
r-devel-linux-x86_64-debian-gcc 0.3.0 6.32 71.88 78.20 OK
r-devel-linux-x86_64-fedora-clang 0.3.0 133.96 NOTE
r-devel-linux-x86_64-fedora-gcc 0.3.0 139.23 NOTE
r-devel-windows-x86_64 0.3.0 38.00 145.00 183.00 OK
r-patched-linux-x86_64 0.3.0 6.70 93.04 99.74 OK
r-release-linux-x86_64 0.3.0 7.93 94.52 102.45 OK
r-release-macos-arm64 0.3.0 45.00 NOTE
r-release-macos-x86_64 0.3.0 71.00 NOTE
r-release-windows-x86_64 0.3.0 47.00 153.00 200.00 OK
r-oldrel-macos-arm64 0.3.0 55.00 NOTE
r-oldrel-macos-x86_64 0.3.0 66.00 NOTE
r-oldrel-windows-ix86+x86_64 0.3.0 22.00 130.00 152.00 OK

Check Details

Version: 0.3.0
Check: dependencies in R code
Result: NOTE
    Namespaces in Imports field not imported from:
     ‘MASS’ ‘caret’ ‘ggformula’ ‘knitr’ ‘testthat’ ‘tidyverse’
     All declared Imports should be used.
Flavors: r-devel-linux-x86_64-fedora-clang, r-devel-linux-x86_64-fedora-gcc, r-release-macos-arm64, r-release-macos-x86_64, r-oldrel-macos-arm64, r-oldrel-macos-x86_64