Last updated on 2023-03-30 08:53:43 CEST.
Flavor | Version | Tinstall | Tcheck | Ttotal | Status | Flags |
---|---|---|---|---|---|---|
r-devel-linux-x86_64-debian-clang | 0.1.0 | 3.44 | 38.74 | 42.18 | NOTE | |
r-devel-linux-x86_64-debian-gcc | 0.1.0 | 4.22 | 29.67 | 33.89 | NOTE | |
r-devel-linux-x86_64-fedora-clang | 0.1.0 | 55.75 | NOTE | |||
r-devel-linux-x86_64-fedora-gcc | 0.1.0 | 63.33 | NOTE | |||
r-devel-windows-x86_64 | 0.1.0 | 36.00 | 0.00 | 36.00 | NOTE | |
r-patched-linux-x86_64 | 0.1.0 | 5.32 | 37.64 | 42.96 | NOTE | |
r-release-linux-x86_64 | 0.1.0 | 3.21 | 39.14 | 42.35 | NOTE | |
r-release-macos-arm64 | 0.1.0 | 23.00 | NOTE | |||
r-release-macos-x86_64 | 0.1.0 | 34.00 | NOTE | |||
r-release-windows-x86_64 | 0.1.0 | 19.00 | 69.00 | 88.00 | NOTE | |
r-oldrel-macos-arm64 | 0.1.0 | 23.00 | NOTE | |||
r-oldrel-macos-x86_64 | 0.1.0 | 37.00 | NOTE | |||
r-oldrel-windows-ix86+x86_64 | 0.1.0 | 11.00 | 64.00 | 75.00 | NOTE |
Version: 0.1.0
Check: LazyData
Result: NOTE
'LazyData' is specified without a 'data' directory
Flavors: r-devel-linux-x86_64-debian-clang, r-devel-linux-x86_64-debian-gcc, r-devel-linux-x86_64-fedora-clang, r-devel-linux-x86_64-fedora-gcc, r-devel-windows-x86_64, r-patched-linux-x86_64, r-release-linux-x86_64, r-release-macos-arm64, r-release-macos-x86_64, r-release-windows-x86_64, r-oldrel-macos-arm64, r-oldrel-macos-x86_64, r-oldrel-windows-ix86+x86_64
Version: 0.1.0
Check: dependencies in R code
Result: NOTE
Namespace in Imports field not imported from: ‘NlcOptim’
All declared Imports should be used.
Flavors: r-devel-linux-x86_64-fedora-clang, r-devel-linux-x86_64-fedora-gcc, r-release-macos-arm64, r-release-macos-x86_64, r-oldrel-macos-arm64, r-oldrel-macos-x86_64