Last updated on 2025-01-21 18:49:46 CET.
Flavor | Version | Tinstall | Tcheck | Ttotal | Status | Flags |
---|---|---|---|---|---|---|
r-devel-linux-x86_64-debian-clang | 3.2.3 | 65.53 | 81.22 | 146.75 | OK | |
r-devel-linux-x86_64-debian-gcc | 3.2.3 | 46.78 | 56.25 | 103.03 | OK | |
r-devel-linux-x86_64-fedora-clang | 3.2.3 | 270.13 | OK | |||
r-devel-linux-x86_64-fedora-gcc | 3.2.3 | 280.77 | OK | |||
r-devel-windows-x86_64 | 3.2.3 | 70.00 | 129.00 | 199.00 | OK | |
r-patched-linux-x86_64 | 3.2.3 | 71.54 | 77.06 | 148.60 | OK | |
r-release-linux-x86_64 | 3.2.3 | 69.24 | 78.01 | 147.25 | OK | |
r-release-macos-arm64 | 3.2.3 | 79.00 | NOTE | |||
r-release-macos-x86_64 | 3.2.3 | 84.00 | NOTE | |||
r-release-windows-x86_64 | 3.2.3 | 75.00 | 137.00 | 212.00 | OK | |
r-oldrel-macos-arm64 | 3.2.3 | 71.00 | NOTE | |||
r-oldrel-macos-x86_64 | 3.2.3 | 116.00 | NOTE | |||
r-oldrel-windows-x86_64 | 3.2.3 | 85.00 | 160.00 | 245.00 | OK |
Version: 3.2.3
Check: installed package size
Result: NOTE
installed size is 6.4Mb
sub-directories of 1Mb or more:
data 3.0Mb
libs 2.6Mb
Flavors: r-release-macos-arm64, r-release-macos-x86_64, r-oldrel-macos-arm64, r-oldrel-macos-x86_64