CRAN Package Check Results for Package mpath

Last updated on 2022-08-12 03:53:32 CEST.

Flavor Version Tinstall Tcheck Ttotal Status Flags
r-devel-linux-x86_64-debian-clang 0.4-2.22 26.76 146.73 173.49 OK
r-devel-linux-x86_64-debian-gcc 0.4-2.22 0.65 2.51 3.16 ERROR
r-devel-linux-x86_64-fedora-clang 0.4-2.22 215.35 OK
r-devel-linux-x86_64-fedora-gcc 0.4-2.22 214.67 OK
r-devel-windows-x86_64 0.4-2.22 74.00 217.00 291.00 OK
r-patched-linux-x86_64 0.4-2.22 27.47 140.73 168.20 OK
r-release-linux-x86_64 0.4-2.22 25.49 140.96 166.45 OK
r-release-macos-arm64 0.4-2.22 71.00 OK
r-release-macos-x86_64 0.4-2.22 92.00 OK
r-release-windows-x86_64 0.4-2.22 62.00 217.00 279.00 OK
r-oldrel-macos-arm64 0.4-2.22 72.00 OK
r-oldrel-macos-x86_64 0.4-2.22 89.00 OK
r-oldrel-windows-ix86+x86_64 0.4-2.22 75.00 233.00 308.00 OK

Check Details

Version: 0.4-2.22
Check: package dependencies
Result: ERROR
    Package required but not available: ‘bst’
    
    See section ‘The DESCRIPTION file’ in the ‘Writing R Extensions’
    manual.
Flavor: r-devel-linux-x86_64-debian-gcc