CRAN Package Check Results for Package mrbsizeR

Last updated on 2022-12-02 19:49:44 CET.

Flavor Version Tinstall Tcheck Ttotal Status Flags
r-devel-linux-x86_64-debian-clang 1.2.1.1 26.48 91.85 118.33 NOTE
r-devel-linux-x86_64-debian-gcc 1.2.1.1 22.06 67.06 89.12 NOTE
r-devel-linux-x86_64-fedora-clang 1.2.1.1 172.07 NOTE
r-devel-linux-x86_64-fedora-gcc 1.2.1.1 160.19 NOTE
r-devel-windows-x86_64 1.2.1.1 44.00 156.00 200.00 NOTE
r-patched-linux-x86_64 1.2.1.1 28.45 85.41 113.86 NOTE
r-release-linux-x86_64 1.2.1.1 24.11 88.06 112.17 NOTE
r-release-macos-arm64 1.2.1.1 52.00 NOTE
r-release-macos-x86_64 1.2.1.1 76.00 NOTE
r-release-windows-x86_64 1.2.1.1 36.00 158.00 194.00 NOTE
r-oldrel-macos-arm64 1.2.1.1 53.00 NOTE
r-oldrel-macos-x86_64 1.2.1.1 78.00 NOTE
r-oldrel-windows-ix86+x86_64 1.2.1.1 73.00 188.00 261.00 NOTE

Check Details

Version: 1.2.1.1
Check: LazyData
Result: NOTE
     'LazyData' is specified without a 'data' directory
Flavors: r-devel-linux-x86_64-debian-clang, r-devel-linux-x86_64-debian-gcc, r-devel-linux-x86_64-fedora-clang, r-devel-linux-x86_64-fedora-gcc, r-devel-windows-x86_64, r-patched-linux-x86_64, r-release-linux-x86_64, r-release-macos-arm64, r-release-macos-x86_64, r-release-windows-x86_64, r-oldrel-macos-arm64, r-oldrel-macos-x86_64, r-oldrel-windows-ix86+x86_64