CRAN Package Check Results for Package mrgsolve

Last updated on 2022-01-27 19:51:06 CET.

Flavor Version Tinstall Tcheck Ttotal Status Flags
r-devel-linux-x86_64-debian-clang 1.0.0 133.91 145.57 279.48 OK
r-devel-linux-x86_64-debian-gcc 1.0.0 103.38 106.94 210.32 OK
r-devel-linux-x86_64-fedora-clang 1.0.0 407.71 NOTE
r-devel-linux-x86_64-fedora-gcc 1.0.0 366.62 OK
r-devel-windows-x86_64-new-UL 1.0.0 450.00 281.00 731.00 OK
r-devel-windows-x86_64-new-TK 1.0.0 OK
r-patched-linux-x86_64 1.0.0 120.70 134.91 255.61 OK
r-release-linux-x86_64 1.0.0 121.01 134.20 255.21 OK
r-release-macos-arm64 0.11.1 NOTE
r-release-macos-x86_64 1.0.0 NOTE
r-release-windows-ix86+x86_64 1.0.0 353.00 256.00 609.00 OK
r-oldrel-macos-x86_64 1.0.0 NOTE
r-oldrel-windows-ix86+x86_64 1.0.0 358.00 268.00 626.00 OK

Check Details

Version: 1.0.0
Check: installed package size
Result: NOTE
     installed size is 6.0Mb
     sub-directories of 1Mb or more:
     libs 4.2Mb
Flavors: r-devel-linux-x86_64-fedora-clang, r-release-macos-x86_64, r-oldrel-macos-x86_64

Version: 0.11.1
Check: installed package size
Result: NOTE
     installed size is 7.5Mb
     sub-directories of 1Mb or more:
     libs 5.8Mb
Flavor: r-release-macos-arm64