CRAN Package Check Results for Package muHVT

Last updated on 2021-03-04 11:48:03 CET.

Flavor Version Tinstall Tcheck Ttotal Status Flags
r-devel-linux-x86_64-debian-clang 1.0.2 8.07 182.21 190.28 OK
r-devel-linux-x86_64-debian-gcc 1.0.2 6.43 127.81 134.24 OK
r-devel-linux-x86_64-fedora-clang 1.0.2 224.65 NOTE
r-devel-linux-x86_64-fedora-gcc 1.0.2 220.42 NOTE
r-devel-windows-ix86+x86_64 1.0.2 19.00 215.00 234.00 OK
r-patched-linux-x86_64 1.0.2 5.40 173.23 178.63 OK
r-patched-solaris-x86 1.0.2 266.00 NOTE
r-release-linux-x86_64 1.0.2 4.85 172.79 177.64 OK
r-release-macos-x86_64 1.0.2 NOTE
r-release-windows-ix86+x86_64 1.0.2 12.00 162.00 174.00 OK
r-oldrel-macos-x86_64 1.0.2 NOTE
r-oldrel-windows-ix86+x86_64 1.0.2 14.00 207.00 221.00 OK

Check Details

Version: 1.0.2
Check: dependencies in R code
Result: NOTE
    Namespace in Imports field not imported from: ‘gtools’
     All declared Imports should be used.
Flavors: r-devel-linux-x86_64-fedora-clang, r-devel-linux-x86_64-fedora-gcc, r-patched-solaris-x86, r-release-macos-x86_64, r-oldrel-macos-x86_64