CRAN Package Check Results for Package multiApply

Last updated on 2022-06-26 11:17:21 CEST.

Flavor Version Tinstall Tcheck Ttotal Status Flags
r-devel-linux-x86_64-debian-clang 2.1.3 3.64 34.49 38.13 NOTE
r-devel-linux-x86_64-debian-gcc 2.1.3 2.60 26.35 28.95 NOTE
r-devel-linux-x86_64-fedora-clang 2.1.3 56.61 NOTE
r-devel-linux-x86_64-fedora-gcc 2.1.3 55.40 NOTE
r-devel-windows-x86_64 2.1.3 15.00 62.00 77.00 NOTE
r-patched-linux-x86_64 2.1.3 3.86 33.20 37.06 NOTE
r-release-linux-x86_64 2.1.3 3.68 33.70 37.38 NOTE
r-release-macos-arm64 2.1.3 18.00 NOTE
r-release-macos-x86_64 2.1.3 25.00 NOTE
r-release-windows-x86_64 2.1.3 15.00 60.00 75.00 NOTE
r-oldrel-macos-arm64 2.1.3 28.00 NOTE
r-oldrel-macos-x86_64 2.1.3 32.00 NOTE
r-oldrel-windows-ix86+x86_64 2.1.3 8.00 56.00 64.00 NOTE

Check Details

Version: 2.1.3
Check: LazyData
Result: NOTE
     'LazyData' is specified without a 'data' directory
Flavors: r-devel-linux-x86_64-debian-clang, r-devel-linux-x86_64-debian-gcc, r-devel-linux-x86_64-fedora-clang, r-devel-linux-x86_64-fedora-gcc, r-devel-windows-x86_64, r-patched-linux-x86_64, r-release-linux-x86_64, r-release-macos-arm64, r-release-macos-x86_64, r-release-windows-x86_64, r-oldrel-macos-arm64, r-oldrel-macos-x86_64, r-oldrel-windows-ix86+x86_64