Last updated on 2023-03-27 22:52:21 CEST.
Flavor | Version | Tinstall | Tcheck | Ttotal | Status | Flags |
---|---|---|---|---|---|---|
r-devel-linux-x86_64-debian-clang | 1.2.0 | 18.91 | 364.17 | 383.08 | NOTE | |
r-devel-linux-x86_64-debian-gcc | 1.2.0 | 14.81 | 254.99 | 269.80 | NOTE | |
r-devel-linux-x86_64-fedora-clang | 1.2.0 | 501.56 | NOTE | |||
r-devel-linux-x86_64-fedora-gcc | 1.2.0 | 482.10 | NOTE | |||
r-patched-linux-x86_64 | 1.2.0 | 17.22 | 356.85 | 374.07 | NOTE | |
r-release-linux-x86_64 | 1.2.0 | 17.85 | 349.87 | 367.72 | OK | |
r-release-macos-arm64 | 1.2.0 | 141.00 | OK | |||
r-release-macos-x86_64 | 1.2.0 | 146.00 | OK | |||
r-release-windows-x86_64 | 1.2.0 | 88.00 | 378.00 | 466.00 | OK | |
r-oldrel-macos-arm64 | 1.2.0 | 126.00 | OK | |||
r-oldrel-macos-x86_64 | 1.2.0 | 155.00 | OK | |||
r-oldrel-windows-ix86+x86_64 | 1.2.0 | 52.00 | 735.00 | 787.00 | OK |
Version: 1.2.0
Check: C++ specification
Result: NOTE
Specified C++11: please drop specification unless essential
Flavors: r-devel-linux-x86_64-debian-clang, r-devel-linux-x86_64-debian-gcc, r-devel-linux-x86_64-fedora-clang, r-devel-linux-x86_64-fedora-gcc, r-patched-linux-x86_64