Last updated on 2023-06-10 14:54:04 CEST.
Flavor | Version | Tinstall | Tcheck | Ttotal | Status | Flags |
---|---|---|---|---|---|---|
r-devel-linux-x86_64-debian-clang | 4.1.2 | 673.94 | 53.89 | 727.83 | NOTE | |
r-devel-linux-x86_64-debian-gcc | 4.1.2 | 776.08 | 42.29 | 818.37 | NOTE | |
r-devel-linux-x86_64-fedora-clang | 4.1.2 | 1288.62 | NOTE | |||
r-devel-linux-x86_64-fedora-gcc | 4.1.2 | 1523.59 | NOTE | |||
r-devel-windows-x86_64 | 4.1.2 | 666.00 | 127.00 | 793.00 | NOTE | |
r-patched-linux-x86_64 | 4.1.2 | 775.00 | 51.73 | 826.73 | NOTE | |
r-release-linux-x86_64 | 4.1.2 | 806.71 | 52.13 | 858.84 | NOTE | |
r-release-macos-arm64 | 4.1.2 | 355.00 | NOTE | |||
r-release-macos-x86_64 | 4.1.2 | 595.00 | NOTE | |||
r-release-windows-x86_64 | 4.1.2 | 820.00 | 137.00 | 957.00 | NOTE | |
r-oldrel-macos-arm64 | 4.1.2 | 307.00 | NOTE | |||
r-oldrel-macos-x86_64 | 4.1.2 | 426.00 | NOTE | |||
r-oldrel-windows-x86_64 | 4.1.2 | 797.00 | 128.00 | 925.00 | OK |
Version: 4.1.2
Check: C++ specification
Result: NOTE
Specified C++14: please drop specification unless essential
Flavors: r-devel-linux-x86_64-debian-clang, r-devel-linux-x86_64-debian-gcc, r-devel-linux-x86_64-fedora-clang, r-devel-linux-x86_64-fedora-gcc, r-devel-windows-x86_64, r-patched-linux-x86_64, r-release-linux-x86_64, r-release-macos-arm64, r-release-macos-x86_64, r-release-windows-x86_64
Version: 4.1.2
Check: installed package size
Result: NOTE
installed size is 5.1Mb
sub-directories of 1Mb or more:
libs 4.8Mb
Flavors: r-devel-linux-x86_64-fedora-clang, r-release-macos-arm64, r-release-macos-x86_64, r-oldrel-macos-arm64, r-oldrel-macos-x86_64