Last updated on 2023-12-02 05:50:00 CET.
Flavor | Version | Tinstall | Tcheck | Ttotal | Status | Flags |
---|---|---|---|---|---|---|
r-devel-linux-x86_64-debian-clang | 4.1.2 | 713.04 | 53.04 | 766.08 | NOTE | |
r-devel-linux-x86_64-debian-gcc | 4.1.2 | 701.16 | 42.59 | 743.75 | NOTE | |
r-devel-linux-x86_64-fedora-clang | 4.1.2 | 1286.91 | NOTE | |||
r-devel-linux-x86_64-fedora-gcc | 4.1.2 | 1558.30 | NOTE | |||
r-devel-windows-x86_64 | 4.1.2 | 675.00 | 121.00 | 796.00 | NOTE | |
r-patched-linux-x86_64 | 4.1.2 | 799.02 | 54.17 | 853.19 | NOTE | |
r-release-linux-x86_64 | 4.1.2 | 827.40 | 54.17 | 881.57 | NOTE | |
r-release-macos-arm64 | 4.1.2 | 355.00 | NOTE | |||
r-release-macos-x86_64 | 4.1.2 | 595.00 | NOTE | |||
r-release-windows-x86_64 | 4.1.2 | 845.00 | 144.00 | 989.00 | NOTE | |
r-oldrel-macos-arm64 | 4.1.2 | 307.00 | NOTE | |||
r-oldrel-macos-x86_64 | 4.1.2 | 426.00 | NOTE | |||
r-oldrel-windows-x86_64 | 4.1.2 | 796.00 | 137.00 | 933.00 | OK |
Version: 4.1.2
Check: C++ specification
Result: NOTE
Specified C++14: please drop specification unless essential
Flavors: r-devel-linux-x86_64-debian-clang, r-devel-linux-x86_64-debian-gcc, r-devel-linux-x86_64-fedora-clang, r-devel-linux-x86_64-fedora-gcc, r-devel-windows-x86_64, r-patched-linux-x86_64, r-release-linux-x86_64, r-release-macos-arm64, r-release-macos-x86_64, r-release-windows-x86_64
Version: 4.1.2
Check: Rd files
Result: NOTE
checkRd: (-1) LayerMeasures.Rd:24: Lost braces in \itemize; meant \describe ?
checkRd: (-1) LayerMeasures.Rd:25: Lost braces in \itemize; meant \describe ?
checkRd: (-1) LayerMeasures.Rd:26: Lost braces in \itemize; meant \describe ?
checkRd: (-1) Plot.Rd:38: Lost braces; missing escapes or markup?
38 | \item{vertex.shape}{Symbol to use for nodes, corresponding to the parameter {pch} of the R \code{points} function. This can either
| ^
Flavors: r-devel-linux-x86_64-debian-clang, r-devel-linux-x86_64-debian-gcc
Version: 4.1.2
Check: installed package size
Result: NOTE
installed size is 5.1Mb
sub-directories of 1Mb or more:
libs 4.8Mb
Flavors: r-devel-linux-x86_64-fedora-clang, r-release-macos-arm64, r-release-macos-x86_64, r-oldrel-macos-arm64, r-oldrel-macos-x86_64