CRAN Package Check Results for Package mvtnorm

Last updated on 2019-12-14 20:46:36 CET.

Flavor Version Tinstall Tcheck Ttotal Status Flags
r-devel-linux-x86_64-debian-clang 1.0-11 6.22 82.48 88.70 OK
r-devel-linux-x86_64-debian-gcc 1.0-11 4.32 57.14 61.46 OK
r-devel-linux-x86_64-fedora-clang 1.0-11 110.82 OK
r-devel-linux-x86_64-fedora-gcc 1.0-11 105.38 OK
r-devel-windows-ix86+x86_64 1.0-11 1.00 7.00 8.00 ERROR
r-devel-windows-ix86+x86_64-gcc8 1.0-11 18.00 205.00 223.00 OK
r-patched-linux-x86_64 1.0-11 4.38 77.43 81.81 OK
r-patched-solaris-x86 1.0-11 150.20 OK
r-release-linux-x86_64 1.0-11 4.67 76.57 81.24 OK
r-release-windows-ix86+x86_64 1.0-11 18.00 168.00 186.00 OK
r-release-osx-x86_64 1.0-11 OK
r-oldrel-windows-ix86+x86_64 1.0-11 19.00 161.00 180.00 OK
r-oldrel-osx-x86_64 1.0-11 OK

Check Details

Version: 1.0-11
Check: whether package can be installed
Result: ERROR
    Installation failed.
Flavor: r-devel-windows-ix86+x86_64