CRAN Package Check Results for Package nCal

Last updated on 2020-12-03 17:50:29 CET.

Flavor Version Tinstall Tcheck Ttotal Status Flags
r-devel-linux-x86_64-debian-clang 2020.9-10 17.25 135.41 152.66 OK
r-devel-linux-x86_64-debian-gcc 2020.9-10 13.52 101.16 114.68 OK
r-devel-linux-x86_64-fedora-clang 2020.9-10 184.60 OK
r-devel-linux-x86_64-fedora-gcc 2020.9-10 176.11 OK
r-devel-windows-ix86+x86_64 2020.9-10 34.00 122.00 156.00 OK
r-patched-linux-x86_64 2020.9-10 16.14 123.52 139.66 OK
r-patched-solaris-x86 2020.9-10 245.30 OK
r-release-linux-x86_64 2020.9-10 14.63 122.97 137.60 OK
r-release-macos-x86_64 2020.9-10 OK
r-release-windows-ix86+x86_64 2020.9-10 24.00 120.00 144.00 OK
r-oldrel-macos-x86_64 2020.9-10 NOTE
r-oldrel-windows-ix86+x86_64 2020.9-10 25.00 144.00 169.00 OK

Check Details

Version: 2020.9-10
Check: dependencies in R code
Result: NOTE
    No protocol specified
    No protocol specified
Flavor: r-oldrel-macos-x86_64