CRAN Package Check Results for Package nJira

Last updated on 2024-07-20 03:49:09 CEST.

Flavor Version Tinstall Tcheck Ttotal Status Flags
r-devel-linux-x86_64-debian-clang 0.1.1 4.04 34.09 38.13 NOTE
r-devel-linux-x86_64-debian-gcc 0.1.1 3.00 26.26 29.26 NOTE
r-devel-linux-x86_64-fedora-clang 0.1.1 47.49 NOTE
r-devel-linux-x86_64-fedora-gcc 0.1.1 44.05 NOTE
r-devel-windows-x86_64 0.1.1 5.00 55.00 60.00 NOTE
r-patched-linux-x86_64 0.1.1 3.91 31.74 35.65 NOTE
r-release-linux-x86_64 0.1.1 2.53 33.07 35.60 NOTE
r-release-macos-arm64 0.1.1 37.00 NOTE
r-release-macos-x86_64 0.1.1 47.00 NOTE
r-release-windows-x86_64 0.1.1 4.00 55.00 59.00 NOTE
r-oldrel-macos-arm64 0.1.1 24.00 NOTE
r-oldrel-macos-x86_64 0.1.1 33.00 NOTE
r-oldrel-windows-x86_64 0.1.1 5.00 59.00 64.00 NOTE

Check Details

Version: 0.1.1
Check: LazyData
Result: NOTE 'LazyData' is specified without a 'data' directory Flavors: r-devel-linux-x86_64-debian-clang, r-devel-linux-x86_64-debian-gcc, r-devel-linux-x86_64-fedora-clang, r-devel-linux-x86_64-fedora-gcc, r-devel-windows-x86_64, r-patched-linux-x86_64, r-release-linux-x86_64, r-release-macos-arm64, r-release-macos-x86_64, r-release-windows-x86_64, r-oldrel-macos-arm64, r-oldrel-macos-x86_64, r-oldrel-windows-x86_64

Version: 0.1.1
Check: dependencies in R code
Result: NOTE Namespace in Imports field not imported from: ‘rjson’ All declared Imports should be used. Flavors: r-devel-linux-x86_64-fedora-clang, r-devel-linux-x86_64-fedora-gcc